{"id":41458,"date":"2026-01-27T19:17:46","date_gmt":"2026-01-27T19:17:46","guid":{"rendered":"https:\/\/www.deporteseli.com\/?product=camiseta-tabela-23"},"modified":"2026-03-07T05:51:53","modified_gmt":"2026-03-07T05:51:53","slug":"camiseta-tabela-23","status":"publish","type":"product","link":"https:\/\/www.deporteseli.com\/?product=camiseta-tabela-23","title":{"rendered":"CAMISETA TABELA 23"},"content":{"rendered":"<p>JUEGA CON EL MEJOR ESTILO DEL F\u00daTBOL  Rinde al m\u00e1ximo en el terreno de juego. Esta camiseta de f\u00fatbol adidas para j\u00f3venes promesas te ofrece un estilo sencillo con las emblem\u00e1ticas 3 bandas y el logotipo de adidas. El tejido transpirable AEROREADY y las mangas de malla favorecen la ventilaci\u00f3n y mantienen la piel seca durante todo el partido.    Este producto se ha fabricado con un 100% de material reciclado. Su objetivo es plantear otra soluci\u00f3n m\u00e1s que ayude a eliminar los residuos pl\u00e1sticos.  Corte cl\u00e1sico  Cuello redondo  Interlock 100% poli\u00e9ster reciclado  AEROREADY  Mangas de malla  Color del art\u00edculo: White \/ Black  N\u00famero de art\u00edculo: H44534                                                                                                                                                                                                                                                                                                                                                                                                                                                                                                                                                                                                                                                                                                                                                                                                                                                                                                                                                                                                                                        <\/p>\n","protected":false},"excerpt":{"rendered":"<p>CAMISETA TABELA 23<\/p>\n","protected":false},"featured_media":55154,"template":"","meta":[],"product_brand":[],"product_cat":[296],"product_tag":[18],"class_list":{"0":"post-41458","1":"product","2":"type-product","3":"status-publish","4":"has-post-thumbnail","6":"product_cat-nino_textil_camisetas","7":"product_tag-adidas","8":"pa_color-unico","9":"pa_talla-t-8","10":"thunk-woo-product-list","11":"opn-qv-enable","12":"open-woo-hover-","13":"open-single-product-tab-horizontal","14":"open-shadow-","15":"open-shadow-hover-","17":"first","18":"instock","19":"shipping-taxable","20":"purchasable","21":"product-type-variable"},"jetpack_sharing_enabled":true,"_links":{"self":[{"href":"https:\/\/www.deporteseli.com\/index.php?rest_route=\/wp\/v2\/product\/41458","targetHints":{"allow":["GET"]}}],"collection":[{"href":"https:\/\/www.deporteseli.com\/index.php?rest_route=\/wp\/v2\/product"}],"about":[{"href":"https:\/\/www.deporteseli.com\/index.php?rest_route=\/wp\/v2\/types\/product"}],"wp:featuredmedia":[{"embeddable":true,"href":"https:\/\/www.deporteseli.com\/index.php?rest_route=\/wp\/v2\/media\/55154"}],"wp:attachment":[{"href":"https:\/\/www.deporteseli.com\/index.php?rest_route=%2Fwp%2Fv2%2Fmedia&parent=41458"}],"wp:term":[{"taxonomy":"product_brand","embeddable":true,"href":"https:\/\/www.deporteseli.com\/index.php?rest_route=%2Fwp%2Fv2%2Fproduct_brand&post=41458"},{"taxonomy":"product_cat","embeddable":true,"href":"https:\/\/www.deporteseli.com\/index.php?rest_route=%2Fwp%2Fv2%2Fproduct_cat&post=41458"},{"taxonomy":"product_tag","embeddable":true,"href":"https:\/\/www.deporteseli.com\/index.php?rest_route=%2Fwp%2Fv2%2Fproduct_tag&post=41458"}],"curies":[{"name":"wp","href":"https:\/\/api.w.org\/{rel}","templated":true}]}}