{"id":41449,"date":"2026-01-27T19:17:35","date_gmt":"2026-01-27T19:17:35","guid":{"rendered":"https:\/\/www.deporteseli.com\/?product=adidas-pantalon-corto-de-sportwear"},"modified":"2026-03-07T05:51:52","modified_gmt":"2026-03-07T05:51:52","slug":"adidas-pantalon-corto-de-sportwear","status":"publish","type":"product","link":"https:\/\/www.deporteseli.com\/?product=adidas-pantalon-corto-de-sportwear","title":{"rendered":"ADIDAS PANTALON CORTO DE SPORTWEAR"},"content":{"rendered":"<p>Un llamativo logotipo de adidas Badge of Sport. Este pantal\u00f3n corto para junior es tan c\u00f3modo como llamativo. Confeccionados en tejido de punto de algod\u00f3n, estos pantalones cortos de tiro medio se vuelven m\u00e1s suaves con cada lavado. As\u00ed que adelante, p\u00f3ntelos una y otra vez. Nuestros productos de algod\u00f3n apoyan un cultivo de algod\u00f3n m\u00e1s sostenible.                                                                                                                                                                                                                                                                                                                                                                                                                                                                                                                                                                                                                                                                                                                                                                                                                                                                                                                                                                                                                                        <\/p>\n","protected":false},"excerpt":{"rendered":"<p>ADIDAS PANTALON CORTO DE SPORTWEAR<\/p>\n","protected":false},"featured_media":55143,"template":"","meta":[],"product_brand":[],"product_cat":[299],"product_tag":[18],"class_list":{"0":"post-41449","1":"product","2":"type-product","3":"status-publish","4":"has-post-thumbnail","6":"product_cat-nino_textil_bermudas","7":"product_tag-adidas","8":"pa_color-unico","9":"pa_talla-t-10","10":"pa_talla-t-14","11":"pa_talla-t-16","12":"thunk-woo-product-list","13":"opn-qv-enable","14":"open-woo-hover-","15":"open-single-product-tab-horizontal","16":"open-shadow-","17":"open-shadow-hover-","19":"first","20":"instock","21":"shipping-taxable","22":"purchasable","23":"product-type-variable"},"jetpack_sharing_enabled":true,"_links":{"self":[{"href":"https:\/\/www.deporteseli.com\/index.php?rest_route=\/wp\/v2\/product\/41449","targetHints":{"allow":["GET"]}}],"collection":[{"href":"https:\/\/www.deporteseli.com\/index.php?rest_route=\/wp\/v2\/product"}],"about":[{"href":"https:\/\/www.deporteseli.com\/index.php?rest_route=\/wp\/v2\/types\/product"}],"wp:featuredmedia":[{"embeddable":true,"href":"https:\/\/www.deporteseli.com\/index.php?rest_route=\/wp\/v2\/media\/55143"}],"wp:attachment":[{"href":"https:\/\/www.deporteseli.com\/index.php?rest_route=%2Fwp%2Fv2%2Fmedia&parent=41449"}],"wp:term":[{"taxonomy":"product_brand","embeddable":true,"href":"https:\/\/www.deporteseli.com\/index.php?rest_route=%2Fwp%2Fv2%2Fproduct_brand&post=41449"},{"taxonomy":"product_cat","embeddable":true,"href":"https:\/\/www.deporteseli.com\/index.php?rest_route=%2Fwp%2Fv2%2Fproduct_cat&post=41449"},{"taxonomy":"product_tag","embeddable":true,"href":"https:\/\/www.deporteseli.com\/index.php?rest_route=%2Fwp%2Fv2%2Fproduct_tag&post=41449"}],"curies":[{"name":"wp","href":"https:\/\/api.w.org\/{rel}","templated":true}]}}