{"id":41386,"date":"2026-01-27T19:15:47","date_gmt":"2026-01-27T19:15:47","guid":{"rendered":"https:\/\/www.deporteseli.com\/?product=gel-trabuco-12"},"modified":"2026-01-27T19:15:51","modified_gmt":"2026-01-27T19:15:51","slug":"gel-trabuco-12","status":"publish","type":"product","link":"https:\/\/www.deporteseli.com\/?product=gel-trabuco-12","title":{"rendered":"GEL-TRABUCO 12"},"content":{"rendered":"<p>La zapatilla de trail running GEL-TRABUCO 12 combina protecci\u00f3n y comodidad para correr por caminos de tierra. Se trata de una estupenda zapatilla de trail running para cualquier terreno y se ha dise\u00f1ado para que puedas explorar los caminos sin que nada te frene. Y, gracias a su amortiguaci\u00f3n adicional, lo har\u00e1s con total comodidad.    La espuma FF BLAST de la zapatilla garantiza aterrizajes m\u00e1s c\u00f3modos, y la suela ASICSGRIP proporciona un agarre extra en d\u00edas de condiciones meteorol\u00f3gicas cambiantes. Adem\u00e1s, la tecnolog\u00eda Rock Protection Plate ayuda a proteger el pie de las rocas y los terrenos irregulares.                                                                                                                                                                                                                                                                                                                                                                                                                                                                                                                                                                                                                                                                                                                                                                                                                                                                                                                                                                                                                                        <\/p>\n","protected":false},"excerpt":{"rendered":"<p>GEL-TRABUCO 12<\/p>\n","protected":false},"featured_media":55075,"template":"","meta":[],"product_brand":[],"product_cat":[260],"product_tag":[19],"class_list":{"0":"post-41386","1":"product","2":"type-product","3":"status-publish","4":"has-post-thumbnail","6":"product_cat-hombre_calzado_trail","7":"product_tag-asics","8":"pa_color-beige","9":"pa_talla-41-5","10":"thunk-woo-product-list","11":"opn-qv-enable","12":"open-woo-hover-","13":"open-single-product-tab-horizontal","14":"open-shadow-","15":"open-shadow-hover-","17":"first","18":"instock","19":"sale","20":"shipping-taxable","21":"purchasable","22":"product-type-variable"},"jetpack_sharing_enabled":true,"_links":{"self":[{"href":"https:\/\/www.deporteseli.com\/index.php?rest_route=\/wp\/v2\/product\/41386","targetHints":{"allow":["GET"]}}],"collection":[{"href":"https:\/\/www.deporteseli.com\/index.php?rest_route=\/wp\/v2\/product"}],"about":[{"href":"https:\/\/www.deporteseli.com\/index.php?rest_route=\/wp\/v2\/types\/product"}],"wp:featuredmedia":[{"embeddable":true,"href":"https:\/\/www.deporteseli.com\/index.php?rest_route=\/wp\/v2\/media\/55075"}],"wp:attachment":[{"href":"https:\/\/www.deporteseli.com\/index.php?rest_route=%2Fwp%2Fv2%2Fmedia&parent=41386"}],"wp:term":[{"taxonomy":"product_brand","embeddable":true,"href":"https:\/\/www.deporteseli.com\/index.php?rest_route=%2Fwp%2Fv2%2Fproduct_brand&post=41386"},{"taxonomy":"product_cat","embeddable":true,"href":"https:\/\/www.deporteseli.com\/index.php?rest_route=%2Fwp%2Fv2%2Fproduct_cat&post=41386"},{"taxonomy":"product_tag","embeddable":true,"href":"https:\/\/www.deporteseli.com\/index.php?rest_route=%2Fwp%2Fv2%2Fproduct_tag&post=41386"}],"curies":[{"name":"wp","href":"https:\/\/api.w.org\/{rel}","templated":true}]}}