{"id":41269,"date":"2026-01-27T19:12:30","date_gmt":"2026-01-27T19:12:30","guid":{"rendered":"https:\/\/www.deporteseli.com\/?product=pantalon-corto-hombre-reebok-2"},"modified":"2026-03-07T05:50:54","modified_gmt":"2026-03-07T05:50:54","slug":"pantalon-corto-hombre-reebok-2","status":"publish","type":"product","link":"https:\/\/www.deporteseli.com\/?product=pantalon-corto-hombre-reebok-2","title":{"rendered":"PANTALON CORTO HOMBRE REEBOK"},"content":{"rendered":"<p>PANTALONES CORTOS CL\u00c1SICOS DE TEJIDO POLAR HECHOS CON BETTER COTTON    Muestra tu atleta interior, incluso cuando est\u00e9s descansando. Estos pantalones cortos Reebok para hombre est\u00e1n hechos para el d\u00eda a d\u00eda y confeccionados en un suave tejido polar cepillado en el interior para ofrecer mayor suavidad. El ic\u00f3nico logo Vector en la pierna a\u00f1ade un toque de estilo deportivo. La cinturilla el\u00e1stica est\u00e1 dise\u00f1ada para darte comodidad y cuenta con un cord\u00f3n para que puedas ajustarlo a tu medida.    Nuestros productos de algod\u00f3n se obtienen en su totalidad a trav\u00e9s de la agricultura responsable y se elaboran con al menos un 50 % de algod\u00f3n Better Cotton.                                                                                                                                                                                                                                                                                                                                                                                                                                                                                                                                                                                                                                                                                                                                                                                                                                                                                                                                                                                                                                        <\/p>\n","protected":false},"excerpt":{"rendered":"<p>PANTALON CORTO HOMBRE REEBOK<\/p>\n","protected":false},"featured_media":54983,"template":"","meta":[],"product_brand":[],"product_cat":[250],"product_tag":[41],"class_list":{"0":"post-41269","1":"product","2":"type-product","3":"status-publish","4":"has-post-thumbnail","6":"product_cat-hombre_textil_bermudas","7":"product_tag-reebok","8":"pa_color-unico","9":"pa_talla-l","10":"pa_talla-s","11":"thunk-woo-product-list","12":"opn-qv-enable","13":"open-woo-hover-","14":"open-single-product-tab-horizontal","15":"open-shadow-","16":"open-shadow-hover-","18":"first","19":"instock","20":"shipping-taxable","21":"purchasable","22":"product-type-variable"},"jetpack_sharing_enabled":true,"_links":{"self":[{"href":"https:\/\/www.deporteseli.com\/index.php?rest_route=\/wp\/v2\/product\/41269","targetHints":{"allow":["GET"]}}],"collection":[{"href":"https:\/\/www.deporteseli.com\/index.php?rest_route=\/wp\/v2\/product"}],"about":[{"href":"https:\/\/www.deporteseli.com\/index.php?rest_route=\/wp\/v2\/types\/product"}],"wp:featuredmedia":[{"embeddable":true,"href":"https:\/\/www.deporteseli.com\/index.php?rest_route=\/wp\/v2\/media\/54983"}],"wp:attachment":[{"href":"https:\/\/www.deporteseli.com\/index.php?rest_route=%2Fwp%2Fv2%2Fmedia&parent=41269"}],"wp:term":[{"taxonomy":"product_brand","embeddable":true,"href":"https:\/\/www.deporteseli.com\/index.php?rest_route=%2Fwp%2Fv2%2Fproduct_brand&post=41269"},{"taxonomy":"product_cat","embeddable":true,"href":"https:\/\/www.deporteseli.com\/index.php?rest_route=%2Fwp%2Fv2%2Fproduct_cat&post=41269"},{"taxonomy":"product_tag","embeddable":true,"href":"https:\/\/www.deporteseli.com\/index.php?rest_route=%2Fwp%2Fv2%2Fproduct_tag&post=41269"}],"curies":[{"name":"wp","href":"https:\/\/api.w.org\/{rel}","templated":true}]}}