{"id":41266,"date":"2026-01-27T19:12:24","date_gmt":"2026-01-27T19:12:24","guid":{"rendered":"https:\/\/www.deporteseli.com\/?product=camiseta-reebok-identity-big-logo-stacked"},"modified":"2026-04-08T04:17:30","modified_gmt":"2026-04-08T04:17:30","slug":"camiseta-reebok-identity-big-logo-stacked","status":"publish","type":"product","link":"https:\/\/www.deporteseli.com\/?product=camiseta-reebok-identity-big-logo-stacked","title":{"rendered":"CAMISETA REEBOK IDENTITY BIG LOGO STACKED"},"content":{"rendered":"<p>Ficha de Producto  Reebok Camiseta Identity Big Stacked Logo marino    Muestre un poco de amor por Reebok durante su tiempo de inactividad con esta camiseta para hombre. El algod\u00f3n suave te mantiene c\u00f3modo todo el d\u00eda y lo hace sentir como un viejo favorito desde el principio. Un logotipo apilado en negrita completa el look. Nuestros productos de algod\u00f3n provienen en su totalidad de cultivos de algod\u00f3n sostenibles y est\u00e1n fabricados con al menos un 50 % de Better Cotton.    El ajuste regular tiene un corte recto con espacio para moverse naturalmente  Jersey sencillo 100% algod\u00f3n  cuello redondo acanalado  Obtenido de socios confiables que priorizan un enfoque en la reducci\u00f3n del impacto ambiental de la producci\u00f3n y la mejora del desarrollo econ\u00f3mico en las \u00e1reas productoras de algod\u00f3n.  Pa\u00eds de origen: Pakist\u00e1n  Composici\u00f3n: 95% Algod\u00f3n y 5% Elastano                                                                                                                                                                                                                                                                                                                                                                                                                                                                                                                                                                                                                                                                                                                                                                                                                                                                                                                                                                                                                                        <\/p>\n","protected":false},"excerpt":{"rendered":"<p>CAMISETA REEBOK IDENTITY BIG LOGO STACKED<\/p>\n","protected":false},"featured_media":54978,"template":"","meta":[],"product_brand":[],"product_cat":[245],"product_tag":[41],"class_list":{"0":"post-41266","1":"product","2":"type-product","3":"status-publish","4":"has-post-thumbnail","6":"product_cat-hombre_textil_camisetas","7":"product_tag-reebok","8":"pa_color-unico","9":"pa_talla-m","10":"pa_talla-s","11":"thunk-woo-product-list","12":"opn-qv-enable","13":"open-woo-hover-","14":"open-single-product-tab-horizontal","15":"open-shadow-","16":"open-shadow-hover-","18":"first","19":"instock","20":"shipping-taxable","21":"purchasable","22":"product-type-variable"},"jetpack_sharing_enabled":true,"_links":{"self":[{"href":"https:\/\/www.deporteseli.com\/index.php?rest_route=\/wp\/v2\/product\/41266","targetHints":{"allow":["GET"]}}],"collection":[{"href":"https:\/\/www.deporteseli.com\/index.php?rest_route=\/wp\/v2\/product"}],"about":[{"href":"https:\/\/www.deporteseli.com\/index.php?rest_route=\/wp\/v2\/types\/product"}],"wp:featuredmedia":[{"embeddable":true,"href":"https:\/\/www.deporteseli.com\/index.php?rest_route=\/wp\/v2\/media\/54978"}],"wp:attachment":[{"href":"https:\/\/www.deporteseli.com\/index.php?rest_route=%2Fwp%2Fv2%2Fmedia&parent=41266"}],"wp:term":[{"taxonomy":"product_brand","embeddable":true,"href":"https:\/\/www.deporteseli.com\/index.php?rest_route=%2Fwp%2Fv2%2Fproduct_brand&post=41266"},{"taxonomy":"product_cat","embeddable":true,"href":"https:\/\/www.deporteseli.com\/index.php?rest_route=%2Fwp%2Fv2%2Fproduct_cat&post=41266"},{"taxonomy":"product_tag","embeddable":true,"href":"https:\/\/www.deporteseli.com\/index.php?rest_route=%2Fwp%2Fv2%2Fproduct_tag&post=41266"}],"curies":[{"name":"wp","href":"https:\/\/api.w.org\/{rel}","templated":true}]}}