{"id":41172,"date":"2026-01-27T19:09:47","date_gmt":"2026-01-27T19:09:47","guid":{"rendered":"https:\/\/www.deporteseli.com\/?product=calcetin-bullpadel-bp-2406-pack3"},"modified":"2026-01-27T19:09:50","modified_gmt":"2026-01-27T19:09:50","slug":"calcetin-bullpadel-bp-2406-pack3","status":"publish","type":"product","link":"https:\/\/www.deporteseli.com\/?product=calcetin-bullpadel-bp-2406-pack3","title":{"rendered":"CALCETIN BULLPADEL BP-2406 (PACK3)"},"content":{"rendered":"<p>Pack de tres calcetines altos en distintas combinaci\u00f3n de color. Fabricados en algod\u00f3n y poliamida el\u00e1stica.  Pack de tres calcetines altos.    Colores: Blanco, Negro y Azul marino    Composici\u00f3n: 80% Algod\u00f3n-15% Poliamida-3% Elast\u00e1n-2% Elastodieno                                                                                                                                                                                                                                                                                                                                                                                                                                                                                                                                                                                                                                                                                                                                                                                                                                                                                                                                                                                                                                        <\/p>\n","protected":false},"excerpt":{"rendered":"<p>CALCETIN BULLPADEL BP-2406 (PACK3)<\/p>\n","protected":false},"featured_media":54916,"template":"","meta":[],"product_brand":[],"product_cat":[400],"product_tag":[21],"class_list":{"0":"post-41172","1":"product","2":"type-product","3":"status-publish","4":"has-post-thumbnail","6":"product_cat-accesorios_calcetines","7":"product_tag-bull_padel","8":"pa_color-unico","9":"pa_talla-l","10":"pa_talla-m","11":"thunk-woo-product-list","12":"opn-qv-enable","13":"open-woo-hover-","14":"open-single-product-tab-horizontal","15":"open-shadow-","16":"open-shadow-hover-","18":"first","19":"instock","20":"shipping-taxable","21":"purchasable","22":"product-type-variable"},"jetpack_sharing_enabled":true,"_links":{"self":[{"href":"https:\/\/www.deporteseli.com\/index.php?rest_route=\/wp\/v2\/product\/41172","targetHints":{"allow":["GET"]}}],"collection":[{"href":"https:\/\/www.deporteseli.com\/index.php?rest_route=\/wp\/v2\/product"}],"about":[{"href":"https:\/\/www.deporteseli.com\/index.php?rest_route=\/wp\/v2\/types\/product"}],"wp:featuredmedia":[{"embeddable":true,"href":"https:\/\/www.deporteseli.com\/index.php?rest_route=\/wp\/v2\/media\/54916"}],"wp:attachment":[{"href":"https:\/\/www.deporteseli.com\/index.php?rest_route=%2Fwp%2Fv2%2Fmedia&parent=41172"}],"wp:term":[{"taxonomy":"product_brand","embeddable":true,"href":"https:\/\/www.deporteseli.com\/index.php?rest_route=%2Fwp%2Fv2%2Fproduct_brand&post=41172"},{"taxonomy":"product_cat","embeddable":true,"href":"https:\/\/www.deporteseli.com\/index.php?rest_route=%2Fwp%2Fv2%2Fproduct_cat&post=41172"},{"taxonomy":"product_tag","embeddable":true,"href":"https:\/\/www.deporteseli.com\/index.php?rest_route=%2Fwp%2Fv2%2Fproduct_tag&post=41172"}],"curies":[{"name":"wp","href":"https:\/\/api.w.org\/{rel}","templated":true}]}}