{"id":41170,"date":"2026-01-27T19:09:43","date_gmt":"2026-01-27T19:09:43","guid":{"rendered":"https:\/\/www.deporteseli.com\/?product=falda-bullpadel-barri-negro"},"modified":"2026-03-07T05:49:40","modified_gmt":"2026-03-07T05:49:40","slug":"falda-bullpadel-barri-negro","status":"publish","type":"product","link":"https:\/\/www.deporteseli.com\/?product=falda-bullpadel-barri-negro","title":{"rendered":"FALDA BULLPADEL BARRI NEGRO"},"content":{"rendered":"<p>Falda de jersey el\u00e1stico asim\u00e9trica con sublimaci\u00f3n y abertura en el delantero. Cuenta con cinturilla de goma bicolor y malla interior. Prenda de la l\u00ednea especial de nuestra jugadora Alejandra Salazar. Fabricado con tejido de jersey de poli\u00e9ster el\u00e1stico. Se le aplica la tecnolog\u00eda Drynamic, que utiliza los microfilamentos para reducir la humedad y ayudar a la transpiraci\u00f3n.  Falda de mujer de la l\u00ednea Padel is my Power de nuestra jugadora Alejandra Salazar.    Color: Negro    Composici\u00f3n: 86% Poli\u00e9ster &#8211; 14% Elast\u00e1n. Elastic jersey    Tejido t\u00e9cnico: Dynamic.                                                                                                                                                                                                                                                                                                                                                                                                                                                                                                                                                                                                                                                                                                                                                                                                                                                                                                                                                                                                                                        <\/p>\n","protected":false},"excerpt":{"rendered":"<p>FALDA BULLPADEL BARRI NEGRO<\/p>\n","protected":false},"featured_media":54912,"template":"","meta":[],"product_brand":[],"product_cat":[366],"product_tag":[21],"class_list":{"0":"post-41170","1":"product","2":"type-product","3":"status-publish","4":"has-post-thumbnail","6":"product_cat-padel_y_tenis_textil_faldas","7":"product_tag-bull_padel","8":"pa_color-unico","9":"pa_talla-xs","10":"thunk-woo-product-list","11":"opn-qv-enable","12":"open-woo-hover-","13":"open-single-product-tab-horizontal","14":"open-shadow-","15":"open-shadow-hover-","17":"first","18":"instock","19":"shipping-taxable","20":"purchasable","21":"product-type-variable"},"jetpack_sharing_enabled":true,"_links":{"self":[{"href":"https:\/\/www.deporteseli.com\/index.php?rest_route=\/wp\/v2\/product\/41170","targetHints":{"allow":["GET"]}}],"collection":[{"href":"https:\/\/www.deporteseli.com\/index.php?rest_route=\/wp\/v2\/product"}],"about":[{"href":"https:\/\/www.deporteseli.com\/index.php?rest_route=\/wp\/v2\/types\/product"}],"wp:featuredmedia":[{"embeddable":true,"href":"https:\/\/www.deporteseli.com\/index.php?rest_route=\/wp\/v2\/media\/54912"}],"wp:attachment":[{"href":"https:\/\/www.deporteseli.com\/index.php?rest_route=%2Fwp%2Fv2%2Fmedia&parent=41170"}],"wp:term":[{"taxonomy":"product_brand","embeddable":true,"href":"https:\/\/www.deporteseli.com\/index.php?rest_route=%2Fwp%2Fv2%2Fproduct_brand&post=41170"},{"taxonomy":"product_cat","embeddable":true,"href":"https:\/\/www.deporteseli.com\/index.php?rest_route=%2Fwp%2Fv2%2Fproduct_cat&post=41170"},{"taxonomy":"product_tag","embeddable":true,"href":"https:\/\/www.deporteseli.com\/index.php?rest_route=%2Fwp%2Fv2%2Fproduct_tag&post=41170"}],"curies":[{"name":"wp","href":"https:\/\/api.w.org\/{rel}","templated":true}]}}