{"id":41163,"date":"2026-01-27T19:09:34","date_gmt":"2026-01-27T19:09:34","guid":{"rendered":"https:\/\/www.deporteseli.com\/?product=camiseta-bullpadel-acilo-amarillo-azufre-fluo"},"modified":"2026-03-07T05:49:33","modified_gmt":"2026-03-07T05:49:33","slug":"camiseta-bullpadel-acilo-amarillo-azufre-fluo","status":"publish","type":"product","link":"https:\/\/www.deporteseli.com\/?product=camiseta-bullpadel-acilo-amarillo-azufre-fluo","title":{"rendered":"CAMISETA BULLPADEL ACILO AMARILLO AZUFRE FLUO"},"content":{"rendered":"<p>Camiseta t\u00e9cnica de Jacquard el\u00e1stico de dise\u00f1o atractivo y elegante, con aberturas en la bajos laterales, espalda m\u00e1s larga y costuras termoselladas en los hombros. Fabricado con tejido ultraligero en poli\u00e9ster el\u00e1stico. Se le aplica la tecnolog\u00eda Drynamic, que utiliza los microfilamentos para reducir la humedad y ayudar a la transpiraci\u00f3n.  Camiseta de hombre de nuestra colecci\u00f3n M\u00e1ster.    Color: Amarillo azufre fluor    Composici\u00f3n: 87% Poli\u00e9ster &#8211; 13% Elast\u00e1n. Jacqard    Tejido t\u00e9cnico: Drynamic                                                                                                                                                                                                                                                                                                                                                                                                                                                                                                                                                                                                                                                                                                                                                                                                                                                                                                                                                                                                                                        <\/p>\n","protected":false},"excerpt":{"rendered":"<p>CAMISETA BULLPADEL ACILO AMARILLO AZUFRE FLUO<\/p>\n","protected":false},"featured_media":54904,"template":"","meta":[],"product_brand":[],"product_cat":[364],"product_tag":[21],"class_list":{"0":"post-41163","1":"product","2":"type-product","3":"status-publish","4":"has-post-thumbnail","6":"product_cat-padel_y_tenis_textil_camisas","7":"product_tag-bull_padel","8":"pa_color-unico","9":"pa_talla-s","10":"pa_talla-xxl","11":"thunk-woo-product-list","12":"opn-qv-enable","13":"open-woo-hover-","14":"open-single-product-tab-horizontal","15":"open-shadow-","16":"open-shadow-hover-","18":"first","19":"instock","20":"shipping-taxable","21":"purchasable","22":"product-type-variable"},"jetpack_sharing_enabled":true,"_links":{"self":[{"href":"https:\/\/www.deporteseli.com\/index.php?rest_route=\/wp\/v2\/product\/41163","targetHints":{"allow":["GET"]}}],"collection":[{"href":"https:\/\/www.deporteseli.com\/index.php?rest_route=\/wp\/v2\/product"}],"about":[{"href":"https:\/\/www.deporteseli.com\/index.php?rest_route=\/wp\/v2\/types\/product"}],"wp:featuredmedia":[{"embeddable":true,"href":"https:\/\/www.deporteseli.com\/index.php?rest_route=\/wp\/v2\/media\/54904"}],"wp:attachment":[{"href":"https:\/\/www.deporteseli.com\/index.php?rest_route=%2Fwp%2Fv2%2Fmedia&parent=41163"}],"wp:term":[{"taxonomy":"product_brand","embeddable":true,"href":"https:\/\/www.deporteseli.com\/index.php?rest_route=%2Fwp%2Fv2%2Fproduct_brand&post=41163"},{"taxonomy":"product_cat","embeddable":true,"href":"https:\/\/www.deporteseli.com\/index.php?rest_route=%2Fwp%2Fv2%2Fproduct_cat&post=41163"},{"taxonomy":"product_tag","embeddable":true,"href":"https:\/\/www.deporteseli.com\/index.php?rest_route=%2Fwp%2Fv2%2Fproduct_tag&post=41163"}],"curies":[{"name":"wp","href":"https:\/\/api.w.org\/{rel}","templated":true}]}}