{"id":41030,"date":"2026-01-27T19:06:42","date_gmt":"2026-01-27T19:06:42","guid":{"rendered":"https:\/\/www.deporteseli.com\/?product=camiseta-bullpadel-edrar-carbon"},"modified":"2026-03-07T05:48:45","modified_gmt":"2026-03-07T05:48:45","slug":"camiseta-bullpadel-edrar-carbon","status":"publish","type":"product","link":"https:\/\/www.deporteseli.com\/?product=camiseta-bullpadel-edrar-carbon","title":{"rendered":"CAMISETA BULLPADEL EDRAR CARBON"},"content":{"rendered":"<p>Tank top de punto de nylon el\u00e1stico con textura, escote en pico y silueta sin entalle en la cintura. Tiene una espalda medio abierta con inserci\u00f3n en tejido ligero rayado y bandas el\u00e1sticas sobrepuestas. Cuenta con detalles reflectantes. Prenda de la l\u00ednea especial de nuestra jugadora Gemma Triay. Fabricado con tejido de fancy jersey de nylon el\u00e1stico y tejido rayado de poli\u00e9ster el\u00e1stico. Al tejido biel\u00e1stico se le aplica la tecnolog\u00eda Drylum. Es hidr\u00f3fobo, transpirable, retiene poco l\u00edquido y seca con rapidez. Tejido ultraligero de microfilamentos de poliamida con elast\u00e1n, que proporciona gran libertad de movimiento.  Tank top de mujer de nuestra l\u00ednea Pure Color. Prenda especial de la jugadora Gemma Triay.    Color: Carb\u00f3n    Composici\u00f3n: 87% Nylon &#8211; 13% Elast\u00e1n. Mfancy elastic jersey    Tejido t\u00e9cnico: Drylum                                                                                                                                                                                                                                                                                                                                                                                                                                                                                                                                                                                                                                                                                                                                                                                                                                                                                                                                                                                                                                        <\/p>\n","protected":false},"excerpt":{"rendered":"<p>CAMISETA BULLPADEL EDRAR CARBON<\/p>\n","protected":false},"featured_media":54845,"template":"","meta":[],"product_brand":[],"product_cat":[364],"product_tag":[21],"class_list":{"0":"post-41030","1":"product","2":"type-product","3":"status-publish","4":"has-post-thumbnail","6":"product_cat-padel_y_tenis_textil_camisas","7":"product_tag-bull_padel","8":"pa_color-unico","9":"pa_talla-l","10":"pa_talla-m","11":"thunk-woo-product-list","12":"opn-qv-enable","13":"open-woo-hover-","14":"open-single-product-tab-horizontal","15":"open-shadow-","16":"open-shadow-hover-","18":"first","19":"instock","20":"shipping-taxable","21":"purchasable","22":"product-type-variable"},"jetpack_sharing_enabled":true,"_links":{"self":[{"href":"https:\/\/www.deporteseli.com\/index.php?rest_route=\/wp\/v2\/product\/41030","targetHints":{"allow":["GET"]}}],"collection":[{"href":"https:\/\/www.deporteseli.com\/index.php?rest_route=\/wp\/v2\/product"}],"about":[{"href":"https:\/\/www.deporteseli.com\/index.php?rest_route=\/wp\/v2\/types\/product"}],"wp:featuredmedia":[{"embeddable":true,"href":"https:\/\/www.deporteseli.com\/index.php?rest_route=\/wp\/v2\/media\/54845"}],"wp:attachment":[{"href":"https:\/\/www.deporteseli.com\/index.php?rest_route=%2Fwp%2Fv2%2Fmedia&parent=41030"}],"wp:term":[{"taxonomy":"product_brand","embeddable":true,"href":"https:\/\/www.deporteseli.com\/index.php?rest_route=%2Fwp%2Fv2%2Fproduct_brand&post=41030"},{"taxonomy":"product_cat","embeddable":true,"href":"https:\/\/www.deporteseli.com\/index.php?rest_route=%2Fwp%2Fv2%2Fproduct_cat&post=41030"},{"taxonomy":"product_tag","embeddable":true,"href":"https:\/\/www.deporteseli.com\/index.php?rest_route=%2Fwp%2Fv2%2Fproduct_tag&post=41030"}],"curies":[{"name":"wp","href":"https:\/\/api.w.org\/{rel}","templated":true}]}}