{"id":41008,"date":"2026-01-27T19:06:12","date_gmt":"2026-01-27T19:06:12","guid":{"rendered":"https:\/\/www.deporteseli.com\/?product=short-j-smith-jauto-nino"},"modified":"2026-03-07T05:48:29","modified_gmt":"2026-03-07T05:48:29","slug":"short-j-smith-jauto-nino","status":"publish","type":"product","link":"https:\/\/www.deporteseli.com\/?product=short-j-smith-jauto-nino","title":{"rendered":"SHORT J.SMITH JAUTO NI\u00f1O"},"content":{"rendered":"<p>Ba\u00f1ador de microfibra ligera de poli\u00e9ster con gr\u00e1fico peque\u00f1o. Bolsillos laterales e interior. Cuenta con suspensor de mesh de poli\u00e9ster.  Secado r\u00e1pido.  Composici\u00f3n: 100% poli\u00e9ster, microfibra taffeta.                                                                                                                                                                                                                                                                                                                                                                                                                                                                                                                                                                                                                                                                                                                                                                                                                                                                                                                                                                                                                                        <\/p>\n","protected":false},"excerpt":{"rendered":"<p>SHORT J.SMITH JAUTO NI\u00f1O<\/p>\n","protected":false},"featured_media":54828,"template":"","meta":[],"product_brand":[],"product_cat":[306],"product_tag":[43],"class_list":{"0":"post-41008","1":"product","2":"type-product","3":"status-publish","4":"has-post-thumbnail","6":"product_cat-nino_textil_banadores","7":"product_tag-jhon_smith","8":"pa_color-unico","9":"pa_talla-t-10","10":"pa_talla-t-12","11":"pa_talla-t-14","12":"pa_talla-t-16","13":"pa_talla-t-6","14":"pa_talla-t-8","15":"thunk-woo-product-list","16":"opn-qv-enable","17":"open-woo-hover-","18":"open-single-product-tab-horizontal","19":"open-shadow-","20":"open-shadow-hover-","22":"first","23":"instock","24":"shipping-taxable","25":"purchasable","26":"product-type-variable"},"jetpack_sharing_enabled":true,"_links":{"self":[{"href":"https:\/\/www.deporteseli.com\/index.php?rest_route=\/wp\/v2\/product\/41008","targetHints":{"allow":["GET"]}}],"collection":[{"href":"https:\/\/www.deporteseli.com\/index.php?rest_route=\/wp\/v2\/product"}],"about":[{"href":"https:\/\/www.deporteseli.com\/index.php?rest_route=\/wp\/v2\/types\/product"}],"wp:featuredmedia":[{"embeddable":true,"href":"https:\/\/www.deporteseli.com\/index.php?rest_route=\/wp\/v2\/media\/54828"}],"wp:attachment":[{"href":"https:\/\/www.deporteseli.com\/index.php?rest_route=%2Fwp%2Fv2%2Fmedia&parent=41008"}],"wp:term":[{"taxonomy":"product_brand","embeddable":true,"href":"https:\/\/www.deporteseli.com\/index.php?rest_route=%2Fwp%2Fv2%2Fproduct_brand&post=41008"},{"taxonomy":"product_cat","embeddable":true,"href":"https:\/\/www.deporteseli.com\/index.php?rest_route=%2Fwp%2Fv2%2Fproduct_cat&post=41008"},{"taxonomy":"product_tag","embeddable":true,"href":"https:\/\/www.deporteseli.com\/index.php?rest_route=%2Fwp%2Fv2%2Fproduct_tag&post=41008"}],"curies":[{"name":"wp","href":"https:\/\/api.w.org\/{rel}","templated":true}]}}