{"id":40987,"date":"2026-01-27T19:05:43","date_gmt":"2026-01-27T19:05:43","guid":{"rendered":"https:\/\/www.deporteseli.com\/?product=set-j-smith-bajea-2"},"modified":"2026-03-07T05:48:09","modified_gmt":"2026-03-07T05:48:09","slug":"set-j-smith-bajea-2","status":"publish","type":"product","link":"https:\/\/www.deporteseli.com\/?product=set-j-smith-bajea-2","title":{"rendered":"SET J.SMITH BAJEA"},"content":{"rendered":"<p>DESCRIPCI\u00d3N  Conjunto de ni\u00f1o con camiseta de interlock poli\u00e9ster, con gr\u00e1fico en el delantero, y mangas, espalda y cuello a contraste.    Bermuda del mismo tejido con bolsillos laterales, cintura el\u00e1stica y cord\u00f3n interior.    Composici\u00f3n: 100% poli\u00e9ster, interlock, con acabado Quickerdry, tejido con extraordinario rendimiento en absorci\u00f3n del sudor.                                                                                                                                                                                                                                                                                                                                                                                                                                                                                                                                                                                                                                                                                                                                                                                                                                                                                                                                                                                                                                        <\/p>\n","protected":false},"excerpt":{"rendered":"<p>SET J.SMITH BAJEA<\/p>\n","protected":false},"featured_media":54803,"template":"","meta":[],"product_brand":[],"product_cat":[297],"product_tag":[43],"class_list":{"0":"post-40987","1":"product","2":"type-product","3":"status-publish","4":"has-post-thumbnail","6":"product_cat-nino_textil_conjuntos","7":"product_tag-jhon_smith","8":"pa_color-unico","9":"pa_talla-t-16","10":"pa_talla-t-8","11":"thunk-woo-product-list","12":"opn-qv-enable","13":"open-woo-hover-","14":"open-single-product-tab-horizontal","15":"open-shadow-","16":"open-shadow-hover-","18":"first","19":"instock","20":"shipping-taxable","21":"purchasable","22":"product-type-variable"},"jetpack_sharing_enabled":true,"_links":{"self":[{"href":"https:\/\/www.deporteseli.com\/index.php?rest_route=\/wp\/v2\/product\/40987","targetHints":{"allow":["GET"]}}],"collection":[{"href":"https:\/\/www.deporteseli.com\/index.php?rest_route=\/wp\/v2\/product"}],"about":[{"href":"https:\/\/www.deporteseli.com\/index.php?rest_route=\/wp\/v2\/types\/product"}],"wp:featuredmedia":[{"embeddable":true,"href":"https:\/\/www.deporteseli.com\/index.php?rest_route=\/wp\/v2\/media\/54803"}],"wp:attachment":[{"href":"https:\/\/www.deporteseli.com\/index.php?rest_route=%2Fwp%2Fv2%2Fmedia&parent=40987"}],"wp:term":[{"taxonomy":"product_brand","embeddable":true,"href":"https:\/\/www.deporteseli.com\/index.php?rest_route=%2Fwp%2Fv2%2Fproduct_brand&post=40987"},{"taxonomy":"product_cat","embeddable":true,"href":"https:\/\/www.deporteseli.com\/index.php?rest_route=%2Fwp%2Fv2%2Fproduct_cat&post=40987"},{"taxonomy":"product_tag","embeddable":true,"href":"https:\/\/www.deporteseli.com\/index.php?rest_route=%2Fwp%2Fv2%2Fproduct_tag&post=40987"}],"curies":[{"name":"wp","href":"https:\/\/api.w.org\/{rel}","templated":true}]}}