{"id":40894,"date":"2026-01-27T19:03:45","date_gmt":"2026-01-27T19:03:45","guid":{"rendered":"https:\/\/www.deporteseli.com\/?product=nike-court-borough-low-recraft"},"modified":"2026-01-27T19:03:58","modified_gmt":"2026-01-27T19:03:58","slug":"nike-court-borough-low-recraft","status":"publish","type":"product","link":"https:\/\/www.deporteseli.com\/?product=nike-court-borough-low-recraft","title":{"rendered":"NIKE COURT BOROUGH LOW RECRAFT"},"content":{"rendered":"<p>Ayuda a los m\u00e1s peque\u00f1os a empezar con buen pie gracias a las Court Borough. Hecha para durar, esta leyenda redise\u00f1ada utiliza una combinaci\u00f3n de materiales reciclados en la parte superior y la suela exterior para conseguir un look cl\u00e1sico renovado. La puntera y el mediopi\u00e9 redise\u00f1ados ofrecen espacio adicional a los pies de los m\u00e1s peque\u00f1os para correr, saltar y jugar m\u00e1s tiempo y con gran comodidad.      Detalles del producto    Cordones el\u00e1sticos  Ranuras flexibles en la suela exterior  Color mostrado: Negro\/Negro\/Negro                                                                                                                                                                                                                                                                                                                                                                                                                                                                                                                                                                                                                                                                                                                                                                                                                                                                                                                                                                                                                                        <\/p>\n","protected":false},"excerpt":{"rendered":"<p>NIKE COURT BOROUGH LOW RECRAFT<\/p>\n","protected":false},"featured_media":54741,"template":"","meta":[],"product_brand":[],"product_cat":[310],"product_tag":[37],"class_list":{"0":"post-40894","1":"product","2":"type-product","3":"status-publish","4":"has-post-thumbnail","6":"product_cat-nino_calzado_casual","7":"product_tag-nike","8":"pa_color-unico","9":"pa_talla-125","10":"pa_talla-28-5","11":"pa_talla-29-5","12":"pa_talla-129","13":"pa_talla-131","14":"pa_talla-133","15":"pa_talla-135","16":"pa_talla-137","17":"thunk-woo-product-list","18":"opn-qv-enable","19":"open-woo-hover-","20":"open-single-product-tab-horizontal","21":"open-shadow-","22":"open-shadow-hover-","24":"first","25":"instock","26":"sale","27":"shipping-taxable","28":"purchasable","29":"product-type-variable"},"jetpack_sharing_enabled":true,"_links":{"self":[{"href":"https:\/\/www.deporteseli.com\/index.php?rest_route=\/wp\/v2\/product\/40894","targetHints":{"allow":["GET"]}}],"collection":[{"href":"https:\/\/www.deporteseli.com\/index.php?rest_route=\/wp\/v2\/product"}],"about":[{"href":"https:\/\/www.deporteseli.com\/index.php?rest_route=\/wp\/v2\/types\/product"}],"wp:featuredmedia":[{"embeddable":true,"href":"https:\/\/www.deporteseli.com\/index.php?rest_route=\/wp\/v2\/media\/54741"}],"wp:attachment":[{"href":"https:\/\/www.deporteseli.com\/index.php?rest_route=%2Fwp%2Fv2%2Fmedia&parent=40894"}],"wp:term":[{"taxonomy":"product_brand","embeddable":true,"href":"https:\/\/www.deporteseli.com\/index.php?rest_route=%2Fwp%2Fv2%2Fproduct_brand&post=40894"},{"taxonomy":"product_cat","embeddable":true,"href":"https:\/\/www.deporteseli.com\/index.php?rest_route=%2Fwp%2Fv2%2Fproduct_cat&post=40894"},{"taxonomy":"product_tag","embeddable":true,"href":"https:\/\/www.deporteseli.com\/index.php?rest_route=%2Fwp%2Fv2%2Fproduct_tag&post=40894"}],"curies":[{"name":"wp","href":"https:\/\/api.w.org\/{rel}","templated":true}]}}