{"id":40884,"date":"2026-01-27T19:03:32","date_gmt":"2026-01-27T19:03:32","guid":{"rendered":"https:\/\/www.deporteseli.com\/?product=zapatillas-para-correr-under-armour"},"modified":"2026-03-16T05:17:43","modified_gmt":"2026-03-16T05:17:43","slug":"zapatillas-para-correr-under-armour","status":"publish","type":"product","link":"https:\/\/www.deporteseli.com\/?product=zapatillas-para-correr-under-armour","title":{"rendered":"ZAPATILLAS PARA CORRER UNDER ARMOUR"},"content":{"rendered":"<p>Under Armour Charged Surge 4 combina dos ventajas \u00fanicas: una suela suave y reactiva y una parte superior ligera y transpirable. Con ellos, no es necesario reducir el ritmo tanto si corres como si caminas.        La funda est\u00e1 fabricada con materiales totalmente reciclados  para cuidar la naturaleza.        Las zapatillas tienen una construcci\u00f3n flexible, lo que las hace vers\u00e1tiles y c\u00f3modas. La parte superior est\u00e1 confeccionada en textil y elementos de refuerzo de piel ecol\u00f3gica, para una perfecta termorregulaci\u00f3n y resistencia.        El interior y la plantilla cuentan con el Deluxe Comfort System , que se adapta a la forma del pie para ofrecer el m\u00e1ximo confort.        La entresuela est\u00e1 creada con la tecnolog\u00eda  Charged Cushioning . Suaviza la sensaci\u00f3n al pisar, recupera la energ\u00eda gastada y te empuja hacia adelante.        La suela exterior es flexible y el\u00e1stica gracias a sus canales especiales. De esta forma se recrea el movimiento natural de la pierna.        De color negro    COMPOSICI\u00d3N: Parte exterior &#8211; ecopiel y textil, Parte interior &#8211; textil                                                                                                                                                                                                                                                                                                                                                                                                                                                                                                                                                                                                                                                                                                                                                                                                                                                                                                                                                                                                                                        <\/p>\n","protected":false},"excerpt":{"rendered":"<p>ZAPATILLAS PARA CORRER UNDER ARMOUR<\/p>\n","protected":false},"featured_media":54733,"template":"","meta":[],"product_brand":[],"product_cat":[259],"product_tag":[81],"class_list":{"0":"post-40884","1":"product","2":"type-product","3":"status-publish","4":"has-post-thumbnail","6":"product_cat-hombre_calzado_running","7":"product_tag-under_armour","8":"pa_color-unico","9":"pa_talla-40-5","10":"pa_talla-151","11":"pa_talla-153","12":"pa_talla-42-5","13":"pa_talla-44-5","14":"pa_talla-159","15":"pa_talla-161","16":"thunk-woo-product-list","17":"opn-qv-enable","18":"open-woo-hover-","19":"open-single-product-tab-horizontal","20":"open-shadow-","21":"open-shadow-hover-","23":"first","24":"instock","25":"sale","26":"shipping-taxable","27":"purchasable","28":"product-type-variable"},"jetpack_sharing_enabled":true,"_links":{"self":[{"href":"https:\/\/www.deporteseli.com\/index.php?rest_route=\/wp\/v2\/product\/40884","targetHints":{"allow":["GET"]}}],"collection":[{"href":"https:\/\/www.deporteseli.com\/index.php?rest_route=\/wp\/v2\/product"}],"about":[{"href":"https:\/\/www.deporteseli.com\/index.php?rest_route=\/wp\/v2\/types\/product"}],"wp:featuredmedia":[{"embeddable":true,"href":"https:\/\/www.deporteseli.com\/index.php?rest_route=\/wp\/v2\/media\/54733"}],"wp:attachment":[{"href":"https:\/\/www.deporteseli.com\/index.php?rest_route=%2Fwp%2Fv2%2Fmedia&parent=40884"}],"wp:term":[{"taxonomy":"product_brand","embeddable":true,"href":"https:\/\/www.deporteseli.com\/index.php?rest_route=%2Fwp%2Fv2%2Fproduct_brand&post=40884"},{"taxonomy":"product_cat","embeddable":true,"href":"https:\/\/www.deporteseli.com\/index.php?rest_route=%2Fwp%2Fv2%2Fproduct_cat&post=40884"},{"taxonomy":"product_tag","embeddable":true,"href":"https:\/\/www.deporteseli.com\/index.php?rest_route=%2Fwp%2Fv2%2Fproduct_tag&post=40884"}],"curies":[{"name":"wp","href":"https:\/\/api.w.org\/{rel}","templated":true}]}}