{"id":40849,"date":"2026-01-27T19:02:41","date_gmt":"2026-01-27T19:02:41","guid":{"rendered":"https:\/\/www.deporteseli.com\/?product=camiseta-de-manga-corta-de-entrenamiento-ua"},"modified":"2026-03-07T05:46:40","modified_gmt":"2026-03-07T05:46:40","slug":"camiseta-de-manga-corta-de-entrenamiento-ua","status":"publish","type":"product","link":"https:\/\/www.deporteseli.com\/?product=camiseta-de-manga-corta-de-entrenamiento-ua","title":{"rendered":"CAMISETA DE MANGA CORTA DE ENTRENAMIENTO UA"},"content":{"rendered":"<p>Descripci\u00f3n del producto  La colecci\u00f3n UA Challenger cuenta con la equipaci\u00f3n de f\u00fatbol de referencia para disfrutar de ligereza y velocidad en el terreno de juego. Esta equipaci\u00f3n sigue mejorando cada temporada.  Tejido suave, ligero y de secado r\u00e1pido para un mayor rendimiento  Material que capilariza el sudor y se seca r\u00e1pidamente  Paneles de malla laterales que a\u00f1aden transpirabilidad  Bajo contorneado  100 % poli\u00e9ster                                                                                                                                                                                                                                                                                                                                                                                                                                                                                                                                                                                                                                                                                                                                                                                                                                                                                                                                                                                                                                        <\/p>\n","protected":false},"excerpt":{"rendered":"<p>CAMISETA DE MANGA CORTA DE ENTRENAMIENTO UA<\/p>\n","protected":false},"featured_media":54712,"template":"","meta":[],"product_brand":[],"product_cat":[245],"product_tag":[81],"class_list":{"0":"post-40849","1":"product","2":"type-product","3":"status-publish","4":"has-post-thumbnail","6":"product_cat-hombre_textil_camisetas","7":"product_tag-under_armour","8":"pa_color-unico","9":"pa_talla-l","10":"pa_talla-m","11":"pa_talla-s","12":"thunk-woo-product-list","13":"opn-qv-enable","14":"open-woo-hover-","15":"open-single-product-tab-horizontal","16":"open-shadow-","17":"open-shadow-hover-","19":"first","20":"instock","21":"shipping-taxable","22":"purchasable","23":"product-type-variable"},"jetpack_sharing_enabled":true,"_links":{"self":[{"href":"https:\/\/www.deporteseli.com\/index.php?rest_route=\/wp\/v2\/product\/40849","targetHints":{"allow":["GET"]}}],"collection":[{"href":"https:\/\/www.deporteseli.com\/index.php?rest_route=\/wp\/v2\/product"}],"about":[{"href":"https:\/\/www.deporteseli.com\/index.php?rest_route=\/wp\/v2\/types\/product"}],"wp:featuredmedia":[{"embeddable":true,"href":"https:\/\/www.deporteseli.com\/index.php?rest_route=\/wp\/v2\/media\/54712"}],"wp:attachment":[{"href":"https:\/\/www.deporteseli.com\/index.php?rest_route=%2Fwp%2Fv2%2Fmedia&parent=40849"}],"wp:term":[{"taxonomy":"product_brand","embeddable":true,"href":"https:\/\/www.deporteseli.com\/index.php?rest_route=%2Fwp%2Fv2%2Fproduct_brand&post=40849"},{"taxonomy":"product_cat","embeddable":true,"href":"https:\/\/www.deporteseli.com\/index.php?rest_route=%2Fwp%2Fv2%2Fproduct_cat&post=40849"},{"taxonomy":"product_tag","embeddable":true,"href":"https:\/\/www.deporteseli.com\/index.php?rest_route=%2Fwp%2Fv2%2Fproduct_tag&post=40849"}],"curies":[{"name":"wp","href":"https:\/\/api.w.org\/{rel}","templated":true}]}}