{"id":40835,"date":"2026-01-27T19:02:23","date_gmt":"2026-01-27T19:02:23","guid":{"rendered":"https:\/\/www.deporteseli.com\/?product=botas-joma-supercopa-2401-turf"},"modified":"2026-01-27T19:02:26","modified_gmt":"2026-01-27T19:02:26","slug":"botas-joma-supercopa-2401-turf","status":"publish","type":"product","link":"https:\/\/www.deporteseli.com\/?product=botas-joma-supercopa-2401-turf","title":{"rendered":"BOTAS JOMA SUPERCOPA 2401 TURF"},"content":{"rendered":"<p>  Esta bota para c\u00e9sped artificial destaca por su dise\u00f1o ligero a la vez que atractivo. Ofrece un rendimiento al instante de pon\u00e9rtelas. Control, comodidad, flexibilidad y precisi\u00f3n para jugadores que buscan disfrutar del deporte rey sin complicarse. Aporta todo lo que un jugador puede pedir a una bota.                                                                                                                                                                                                                                                                                                                                                                                                                                                                                                                                                                                                                                                                                                                                                                                                                                                                                                                                                                                                                                        <\/p>\n","protected":false},"excerpt":{"rendered":"<p>BOTAS JOMA SUPERCOPA 2401 TURF<\/p>\n","protected":false},"featured_media":54703,"template":"","meta":[],"product_brand":[],"product_cat":[318],"product_tag":[31],"class_list":{"0":"post-40835","1":"product","2":"type-product","3":"status-publish","4":"has-post-thumbnail","6":"product_cat-deportes_futbol_botas","7":"product_tag-joma","8":"pa_color-unico","9":"pa_talla-143","10":"pa_talla-145","11":"thunk-woo-product-list","12":"opn-qv-enable","13":"open-woo-hover-","14":"open-single-product-tab-horizontal","15":"open-shadow-","16":"open-shadow-hover-","18":"first","19":"instock","20":"sale","21":"shipping-taxable","22":"purchasable","23":"product-type-variable"},"jetpack_sharing_enabled":true,"_links":{"self":[{"href":"https:\/\/www.deporteseli.com\/index.php?rest_route=\/wp\/v2\/product\/40835","targetHints":{"allow":["GET"]}}],"collection":[{"href":"https:\/\/www.deporteseli.com\/index.php?rest_route=\/wp\/v2\/product"}],"about":[{"href":"https:\/\/www.deporteseli.com\/index.php?rest_route=\/wp\/v2\/types\/product"}],"wp:featuredmedia":[{"embeddable":true,"href":"https:\/\/www.deporteseli.com\/index.php?rest_route=\/wp\/v2\/media\/54703"}],"wp:attachment":[{"href":"https:\/\/www.deporteseli.com\/index.php?rest_route=%2Fwp%2Fv2%2Fmedia&parent=40835"}],"wp:term":[{"taxonomy":"product_brand","embeddable":true,"href":"https:\/\/www.deporteseli.com\/index.php?rest_route=%2Fwp%2Fv2%2Fproduct_brand&post=40835"},{"taxonomy":"product_cat","embeddable":true,"href":"https:\/\/www.deporteseli.com\/index.php?rest_route=%2Fwp%2Fv2%2Fproduct_cat&post=40835"},{"taxonomy":"product_tag","embeddable":true,"href":"https:\/\/www.deporteseli.com\/index.php?rest_route=%2Fwp%2Fv2%2Fproduct_tag&post=40835"}],"curies":[{"name":"wp","href":"https:\/\/api.w.org\/{rel}","templated":true}]}}