{"id":40739,"date":"2026-01-27T19:00:07","date_gmt":"2026-01-27T19:00:07","guid":{"rendered":"https:\/\/www.deporteseli.com\/?product=gel-challenger-14"},"modified":"2026-01-27T19:00:11","modified_gmt":"2026-01-27T19:00:11","slug":"gel-challenger-14","status":"publish","type":"product","link":"https:\/\/www.deporteseli.com\/?product=gel-challenger-14","title":{"rendered":"GEL-CHALLENGER 14"},"content":{"rendered":"<p>Descripci\u00f3n  Las zapatillas de tenis GEL-CHALLENGER 14 ofrecen la estabilidad necesaria para cubrir la l\u00ednea de fondo sin que dejes de centrarte en controlar el punto.?    El empeine de la zapatilla mantiene los pies fijos en la superficie del calzado. Crea una sensaci\u00f3n de refuerzo durante las voleas o cuando golpeas tiros largos desde el fondo.?    Tecnolog\u00eda WINGWALL en el lateral que mejora la estabilidad durante los movimientos laterales. Esta caracter\u00edstica ofrece una buena sujeci\u00f3n para que puedas intensificar el golpe y darle a la pelota con m\u00e1s ritmo.?    La suela exterior tambi\u00e9n cuenta con una construcci\u00f3n de tal\u00f3n separada para ayudarte a experimentar mejor estabilidad durante aterrizajes bruscos.                                                                                                                                                                                                                                                                                                                                                                                                                                                                                                                                                                                                                                                                                                                                                                                                                                                                                                                                                                                                                                        <\/p>\n","protected":false},"excerpt":{"rendered":"<p>GEL-CHALLENGER 14<\/p>\n","protected":false},"featured_media":54623,"template":"","meta":[],"product_brand":[],"product_cat":[371],"product_tag":[19],"class_list":{"0":"post-40739","1":"product","2":"type-product","3":"status-publish","4":"has-post-thumbnail","6":"product_cat-padel_y_tenis_calzado","7":"product_tag-asics","8":"pa_color-unico","9":"pa_talla-143","10":"pa_talla-39-5","11":"pa_talla-41-5","12":"thunk-woo-product-list","13":"opn-qv-enable","14":"open-woo-hover-","15":"open-single-product-tab-horizontal","16":"open-shadow-","17":"open-shadow-hover-","19":"first","20":"instock","21":"sale","22":"shipping-taxable","23":"purchasable","24":"product-type-variable"},"jetpack_sharing_enabled":true,"_links":{"self":[{"href":"https:\/\/www.deporteseli.com\/index.php?rest_route=\/wp\/v2\/product\/40739","targetHints":{"allow":["GET"]}}],"collection":[{"href":"https:\/\/www.deporteseli.com\/index.php?rest_route=\/wp\/v2\/product"}],"about":[{"href":"https:\/\/www.deporteseli.com\/index.php?rest_route=\/wp\/v2\/types\/product"}],"wp:featuredmedia":[{"embeddable":true,"href":"https:\/\/www.deporteseli.com\/index.php?rest_route=\/wp\/v2\/media\/54623"}],"wp:attachment":[{"href":"https:\/\/www.deporteseli.com\/index.php?rest_route=%2Fwp%2Fv2%2Fmedia&parent=40739"}],"wp:term":[{"taxonomy":"product_brand","embeddable":true,"href":"https:\/\/www.deporteseli.com\/index.php?rest_route=%2Fwp%2Fv2%2Fproduct_brand&post=40739"},{"taxonomy":"product_cat","embeddable":true,"href":"https:\/\/www.deporteseli.com\/index.php?rest_route=%2Fwp%2Fv2%2Fproduct_cat&post=40739"},{"taxonomy":"product_tag","embeddable":true,"href":"https:\/\/www.deporteseli.com\/index.php?rest_route=%2Fwp%2Fv2%2Fproduct_tag&post=40739"}],"curies":[{"name":"wp","href":"https:\/\/api.w.org\/{rel}","templated":true}]}}