{"id":40672,"date":"2026-01-27T18:58:42","date_gmt":"2026-01-27T18:58:42","guid":{"rendered":"https:\/\/www.deporteseli.com\/?product=joma-botas-futbol-dribling-tf"},"modified":"2026-01-27T18:58:44","modified_gmt":"2026-01-27T18:58:44","slug":"joma-botas-futbol-dribling-tf","status":"publish","type":"product","link":"https:\/\/www.deporteseli.com\/?product=joma-botas-futbol-dribling-tf","title":{"rendered":"JOMA BOTAS FUTBOL DRIBLING TF"},"content":{"rendered":"<p>Botas de f\u00fatbol para c\u00e9sped artificial (superficies sint\u00e9ticas). Modelo econ\u00f3mico unisex recomendado para jugadores de f\u00fatbol en iniciaci\u00f3n o nivel amateur. Estas vers\u00e1tiles botas son ideales para j\u00f3venes futbolistas en ciernes que quieran entrenar y jugar c\u00f3modamente.    Calzado fabricado combinando diferentes materiales. Por un lado, las partes de PVC aportan resistencia y buen contacto con el bal\u00f3n. Para optimizar la transpirabilidad y ligereza, se han a\u00f1adido partes de tejido con perforaciones VTS que ayudan a mantener el pie a una temperatura constante en todo momento. La leng\u00fceta de tejido ligero y el cierre de cordones Perfect Fit mejoran el soporte y el ajuste.    Presenta una pieza Protection que protege la zona reactivando el golpeo de bal\u00f3n en la puntera. La suela es de una sola pieza de goma Durability. De alta calidad, buena resistencia al desgaste por abrasi\u00f3n y agarre a la superficie. Con estructura multitacos que reduce la presi\u00f3n de la pisada asegurando un buen soporte.      Caracter\u00edsticas:    &#8211; Parte superior de malla sint\u00e9tica  &#8211; Cierre de cordones PERFECT FIT  &#8211; Puntera reforzada    Escala t\u00e9cnica:    &#8211; Agarre: 55  &#8211; Amortiguaci\u00f3n: 25  &#8211; Confort: 45  &#8211; Estabilidad: 55  &#8211; Flexibilidad: 45  &#8211; Ligereza: 45  &#8211; Reactividad: 25  &#8211; Resistencia a la abrasi\u00f3n: 45      Tecnolog\u00eda:    Protection:    &#8211; Material utilizado en diferentes zonas de la bota para reforzar su resistencia y durabilidad.    Sportech:    &#8211; Goma inyectada lo que hace que no haya costuras ni otros materiales r\u00edgidos en la parte superior de la bota. Proporcionando ligereza, confort, mayor flexibilidad y mejor ajuste al pie. Su grosor var\u00eda en funci\u00f3n de la protecci\u00f3n y resistencia en cada zona.    VTS:    &#8211; Sistema de ventilaci\u00f3n que permite una mayor circulaci\u00f3n de aire dentro de la bota, manteniendo la temperatura del pie constante, evitando el sobrecalentamiento del pie.                                                                                                                                                                                                                                                                                                                                                                                                                                                                                                                                                                                                                                                                                                                                                                                                                                                                                                                                                                                                                                        <\/p>\n","protected":false},"excerpt":{"rendered":"<p>JOMA BOTAS FUTBOL DRIBLING TF<\/p>\n","protected":false},"featured_media":54571,"template":"","meta":[],"product_brand":[],"product_cat":[318],"product_tag":[31],"class_list":{"0":"post-40672","1":"product","2":"type-product","3":"status-publish","4":"has-post-thumbnail","6":"product_cat-deportes_futbol_botas","7":"product_tag-joma","8":"pa_color-unico","9":"pa_talla-153","10":"thunk-woo-product-list","11":"opn-qv-enable","12":"open-woo-hover-","13":"open-single-product-tab-horizontal","14":"open-shadow-","15":"open-shadow-hover-","17":"first","18":"instock","19":"sale","20":"shipping-taxable","21":"purchasable","22":"product-type-variable"},"jetpack_sharing_enabled":true,"_links":{"self":[{"href":"https:\/\/www.deporteseli.com\/index.php?rest_route=\/wp\/v2\/product\/40672","targetHints":{"allow":["GET"]}}],"collection":[{"href":"https:\/\/www.deporteseli.com\/index.php?rest_route=\/wp\/v2\/product"}],"about":[{"href":"https:\/\/www.deporteseli.com\/index.php?rest_route=\/wp\/v2\/types\/product"}],"wp:featuredmedia":[{"embeddable":true,"href":"https:\/\/www.deporteseli.com\/index.php?rest_route=\/wp\/v2\/media\/54571"}],"wp:attachment":[{"href":"https:\/\/www.deporteseli.com\/index.php?rest_route=%2Fwp%2Fv2%2Fmedia&parent=40672"}],"wp:term":[{"taxonomy":"product_brand","embeddable":true,"href":"https:\/\/www.deporteseli.com\/index.php?rest_route=%2Fwp%2Fv2%2Fproduct_brand&post=40672"},{"taxonomy":"product_cat","embeddable":true,"href":"https:\/\/www.deporteseli.com\/index.php?rest_route=%2Fwp%2Fv2%2Fproduct_cat&post=40672"},{"taxonomy":"product_tag","embeddable":true,"href":"https:\/\/www.deporteseli.com\/index.php?rest_route=%2Fwp%2Fv2%2Fproduct_tag&post=40672"}],"curies":[{"name":"wp","href":"https:\/\/api.w.org\/{rel}","templated":true}]}}