{"id":40646,"date":"2026-01-27T18:58:09","date_gmt":"2026-01-27T18:58:09","guid":{"rendered":"https:\/\/www.deporteseli.com\/?product=calcetines-clasicos-cushioned-sportswear-3-ba"},"modified":"2026-03-20T05:18:44","modified_gmt":"2026-03-20T05:18:44","slug":"calcetines-clasicos-cushioned-sportswear-3-ba","status":"publish","type":"product","link":"https:\/\/www.deporteseli.com\/?product=calcetines-clasicos-cushioned-sportswear-3-ba","title":{"rendered":"CALCETINES CL\u00e1SICOS CUSHIONED SPORTSWEAR 3 BA"},"content":{"rendered":"<p>CONFORT Y ESTILO PARA TUS PIES  Estos calcetines adidas presentan un largo cl\u00e1sico que protege los tobillos y mantiene tus pies frescos. Se han confeccionado en una mezcla de algod\u00f3n y tejido t\u00e9cnico que te ofrece una comodidad total de la ma\u00f1ana a la noche.    Este producto contiene al menos un 50% de materiales reciclados y renovables.  Dise\u00f1o de media ca\u00f1a  59% algod\u00f3n \/ 38% poli\u00e9ster reciclado \/ 2% elast\u00e1n \/ 1% nailon reciclado  Tres pares por paquete  Refuerzo en el arco plantar  Costuras anat\u00f3micas en la puntera  Pu\u00f1os de canal\u00e9  Color del art\u00edculo: Black \/ White  N\u00famero de art\u00edculo: IC1317                                                                                                                                                                                                                                                                                                                                                                                                                                                                                                                                                                                                                                                                                                                                                                                                                                                                                                                                                                                                                                        <\/p>\n","protected":false},"excerpt":{"rendered":"<p>CALCETINES CL\u00e1SICOS CUSHIONED SPORTSWEAR 3 BA<\/p>\n","protected":false},"featured_media":54541,"template":"","meta":[],"product_brand":[],"product_cat":[400],"product_tag":[18],"class_list":{"0":"post-40646","1":"product","2":"type-product","3":"status-publish","4":"has-post-thumbnail","6":"product_cat-accesorios_calcetines","7":"product_tag-adidas","8":"pa_color-unico","9":"pa_talla-35-38","10":"pa_talla-39-42","11":"pa_talla-43-46","12":"thunk-woo-product-list","13":"opn-qv-enable","14":"open-woo-hover-","15":"open-single-product-tab-horizontal","16":"open-shadow-","17":"open-shadow-hover-","19":"first","20":"instock","21":"shipping-taxable","22":"purchasable","23":"product-type-variable"},"jetpack_sharing_enabled":true,"_links":{"self":[{"href":"https:\/\/www.deporteseli.com\/index.php?rest_route=\/wp\/v2\/product\/40646","targetHints":{"allow":["GET"]}}],"collection":[{"href":"https:\/\/www.deporteseli.com\/index.php?rest_route=\/wp\/v2\/product"}],"about":[{"href":"https:\/\/www.deporteseli.com\/index.php?rest_route=\/wp\/v2\/types\/product"}],"wp:featuredmedia":[{"embeddable":true,"href":"https:\/\/www.deporteseli.com\/index.php?rest_route=\/wp\/v2\/media\/54541"}],"wp:attachment":[{"href":"https:\/\/www.deporteseli.com\/index.php?rest_route=%2Fwp%2Fv2%2Fmedia&parent=40646"}],"wp:term":[{"taxonomy":"product_brand","embeddable":true,"href":"https:\/\/www.deporteseli.com\/index.php?rest_route=%2Fwp%2Fv2%2Fproduct_brand&post=40646"},{"taxonomy":"product_cat","embeddable":true,"href":"https:\/\/www.deporteseli.com\/index.php?rest_route=%2Fwp%2Fv2%2Fproduct_cat&post=40646"},{"taxonomy":"product_tag","embeddable":true,"href":"https:\/\/www.deporteseli.com\/index.php?rest_route=%2Fwp%2Fv2%2Fproduct_tag&post=40646"}],"curies":[{"name":"wp","href":"https:\/\/api.w.org\/{rel}","templated":true}]}}