{"id":40484,"date":"2026-01-27T18:54:43","date_gmt":"2026-01-27T18:54:43","guid":{"rendered":"https:\/\/www.deporteseli.com\/?product=pantalon-corto-entrada"},"modified":"2026-03-07T05:44:05","modified_gmt":"2026-03-07T05:44:05","slug":"pantalon-corto-entrada","status":"publish","type":"product","link":"https:\/\/www.deporteseli.com\/?product=pantalon-corto-entrada","title":{"rendered":"PANTAL\u00f3N CORTO ENTRADA"},"content":{"rendered":"<p>PASI\u00d3N POR EL F\u00daTBOL  Enfr\u00e9ntate a todo lo que te depare el d\u00eda con este pantal\u00f3n de f\u00fatbol adidas Entrada 22. Presenta un dise\u00f1o cl\u00e1sico y elegante con la tecnolog\u00eda transpirable AEROREADY que mantiene la piel fresca y seca. La cintura el\u00e1stica con cord\u00f3n asegura un ajuste perfecto.    Este producto se ha fabricado con un 100% de material reciclado. Su objetivo es plantear otra soluci\u00f3n m\u00e1s que ayude a eliminar los residuos pl\u00e1sticos.  Corte cl\u00e1sico  Cintura el\u00e1stica con cord\u00f3n  Interlock 100% poli\u00e9ster reciclado  Tecnolog\u00eda transpirable AEROREADY  Color del art\u00edculo: Black  N\u00famero de art\u00edculo: H57504                                                                                                                                                                                                                                                                                                                                                                                                                                                                                                                                                                                                                                                                                                                                                                                                                                                                                                                                                                                                                                        <\/p>\n","protected":false},"excerpt":{"rendered":"<p>PANTAL\u00f3N CORTO ENTRADA<\/p>\n","protected":false},"featured_media":54440,"template":"","meta":[],"product_brand":[],"product_cat":[251],"product_tag":[18],"class_list":{"0":"post-40484","1":"product","2":"type-product","3":"status-publish","4":"has-post-thumbnail","6":"product_cat-hombre_textil_shorts","7":"product_tag-adidas","8":"pa_color-unico","9":"pa_talla-l","10":"pa_talla-xl","11":"thunk-woo-product-list","12":"opn-qv-enable","13":"open-woo-hover-","14":"open-single-product-tab-horizontal","15":"open-shadow-","16":"open-shadow-hover-","18":"first","19":"instock","20":"shipping-taxable","21":"purchasable","22":"product-type-variable"},"jetpack_sharing_enabled":true,"_links":{"self":[{"href":"https:\/\/www.deporteseli.com\/index.php?rest_route=\/wp\/v2\/product\/40484","targetHints":{"allow":["GET"]}}],"collection":[{"href":"https:\/\/www.deporteseli.com\/index.php?rest_route=\/wp\/v2\/product"}],"about":[{"href":"https:\/\/www.deporteseli.com\/index.php?rest_route=\/wp\/v2\/types\/product"}],"wp:featuredmedia":[{"embeddable":true,"href":"https:\/\/www.deporteseli.com\/index.php?rest_route=\/wp\/v2\/media\/54440"}],"wp:attachment":[{"href":"https:\/\/www.deporteseli.com\/index.php?rest_route=%2Fwp%2Fv2%2Fmedia&parent=40484"}],"wp:term":[{"taxonomy":"product_brand","embeddable":true,"href":"https:\/\/www.deporteseli.com\/index.php?rest_route=%2Fwp%2Fv2%2Fproduct_brand&post=40484"},{"taxonomy":"product_cat","embeddable":true,"href":"https:\/\/www.deporteseli.com\/index.php?rest_route=%2Fwp%2Fv2%2Fproduct_cat&post=40484"},{"taxonomy":"product_tag","embeddable":true,"href":"https:\/\/www.deporteseli.com\/index.php?rest_route=%2Fwp%2Fv2%2Fproduct_tag&post=40484"}],"curies":[{"name":"wp","href":"https:\/\/api.w.org\/{rel}","templated":true}]}}