{"id":40376,"date":"2026-01-27T18:52:29","date_gmt":"2026-01-27T18:52:29","guid":{"rendered":"https:\/\/www.deporteseli.com\/?product=camiseta-de-entrada-22"},"modified":"2026-03-07T05:43:40","modified_gmt":"2026-03-07T05:43:40","slug":"camiseta-de-entrada-22","status":"publish","type":"product","link":"https:\/\/www.deporteseli.com\/?product=camiseta-de-entrada-22","title":{"rendered":"CAMISETA DE ENTRADA 22"},"content":{"rendered":"<p>UNA CAMISETA DE F\u00daTBOL ABSORBENTE HECHA PARCIALMENTE CON MATERIALES RECICLADOS  Entrena como los profesionales. Descansa como un campe\u00f3n. Esta camiseta de f\u00fatbol luce un dise\u00f1o cl\u00e1sico e impecable con un logo adidas Badge of Sport en el pecho. Incorpora tecnolog\u00eda de absorci\u00f3n AEROREADY que te mantiene seco y fresco sin importar si est\u00e1s jugando un partido con amigos en el parque o disfrutando de una noche de diversi\u00f3n en la ciudad.    Hecho con materiales 100 % reciclados, este producto representa solo una de nuestras soluciones para acabar con los residuos pl\u00e1sticos.  Corte cl\u00e1sico  Cuello en V  Tejido entrelazado 100 % poli\u00e9ster reciclado  Tecnolog\u00eda de absorci\u00f3n AEROREADY  Color del art\u00edculo: White  N\u00famero de art\u00edculo: HC5074                                                                                                                                                                                                                                                                                                                                                                                                                                                                                                                                                                                                                                                                                                                                                                                                                                                                                                                                                                                                                                        <\/p>\n","protected":false},"excerpt":{"rendered":"<p>CAMISETA DE ENTRADA 22<\/p>\n","protected":false},"featured_media":54379,"template":"","meta":[],"product_brand":[],"product_cat":[269],"product_tag":[18],"class_list":{"0":"post-40376","1":"product","2":"type-product","3":"status-publish","4":"has-post-thumbnail","6":"product_cat-mujer_textil_camisetas","7":"product_tag-adidas","8":"pa_color-unico","9":"pa_talla-129","10":"pa_talla-m","11":"thunk-woo-product-list","12":"opn-qv-enable","13":"open-woo-hover-","14":"open-single-product-tab-horizontal","15":"open-shadow-","16":"open-shadow-hover-","18":"first","19":"instock","20":"shipping-taxable","21":"purchasable","22":"product-type-variable"},"jetpack_sharing_enabled":true,"_links":{"self":[{"href":"https:\/\/www.deporteseli.com\/index.php?rest_route=\/wp\/v2\/product\/40376","targetHints":{"allow":["GET"]}}],"collection":[{"href":"https:\/\/www.deporteseli.com\/index.php?rest_route=\/wp\/v2\/product"}],"about":[{"href":"https:\/\/www.deporteseli.com\/index.php?rest_route=\/wp\/v2\/types\/product"}],"wp:featuredmedia":[{"embeddable":true,"href":"https:\/\/www.deporteseli.com\/index.php?rest_route=\/wp\/v2\/media\/54379"}],"wp:attachment":[{"href":"https:\/\/www.deporteseli.com\/index.php?rest_route=%2Fwp%2Fv2%2Fmedia&parent=40376"}],"wp:term":[{"taxonomy":"product_brand","embeddable":true,"href":"https:\/\/www.deporteseli.com\/index.php?rest_route=%2Fwp%2Fv2%2Fproduct_brand&post=40376"},{"taxonomy":"product_cat","embeddable":true,"href":"https:\/\/www.deporteseli.com\/index.php?rest_route=%2Fwp%2Fv2%2Fproduct_cat&post=40376"},{"taxonomy":"product_tag","embeddable":true,"href":"https:\/\/www.deporteseli.com\/index.php?rest_route=%2Fwp%2Fv2%2Fproduct_tag&post=40376"}],"curies":[{"name":"wp","href":"https:\/\/api.w.org\/{rel}","templated":true}]}}