{"id":40348,"date":"2026-01-27T18:51:51","date_gmt":"2026-01-27T18:51:51","guid":{"rendered":"https:\/\/www.deporteseli.com\/?product=zapatillas-nike-wm-tanjun-dj6257-004"},"modified":"2026-01-27T18:51:53","modified_gmt":"2026-01-27T18:51:53","slug":"zapatillas-nike-wm-tanjun-dj6257-004","status":"publish","type":"product","link":"https:\/\/www.deporteseli.com\/?product=zapatillas-nike-wm-tanjun-dj6257-004","title":{"rendered":"ZAPATILLAS NIKE WM TANJUN DJ6257-004"},"content":{"rendered":"<p>Las zapatillas Nike Wm Tanjun tienen un aspecto moderno y un dise\u00f1o pr\u00e1ctico y c\u00f3modo.  La malla ultra flexible de la parte superior permite la transpiraci\u00f3n creando una sensaci\u00f3n de frescura.  La plantilla integrada y la entresuela de Phylon amortiguan la pisada.  Queremos que pises fuerte durante esta temporada, que est\u00e9s segura durante tu rutina deportiva. Hagas lo que hagas, vayas donde vayas, que sea con la calidad en zapatillas para el deporte que practiques                                                                                                                                                                                                                                                                                                                                                                                                                                                                                                                                                                                                                                                                                                                                                                                                                                                                                                                                                                                                                                        <\/p>\n","protected":false},"excerpt":{"rendered":"<p>ZAPATILLAS NIKE WM TANJUN DJ6257-004<\/p>\n","protected":false},"featured_media":54342,"template":"","meta":[],"product_brand":[],"product_cat":[285],"product_tag":[37],"class_list":{"0":"post-40348","1":"product","2":"type-product","3":"status-publish","4":"has-post-thumbnail","6":"product_cat-mujer_calzado_running","7":"product_tag-nike","8":"pa_color-unico","9":"pa_talla-145","10":"thunk-woo-product-list","11":"opn-qv-enable","12":"open-woo-hover-","13":"open-single-product-tab-horizontal","14":"open-shadow-","15":"open-shadow-hover-","17":"first","18":"instock","19":"sale","20":"shipping-taxable","21":"purchasable","22":"product-type-variable"},"jetpack_sharing_enabled":true,"_links":{"self":[{"href":"https:\/\/www.deporteseli.com\/index.php?rest_route=\/wp\/v2\/product\/40348","targetHints":{"allow":["GET"]}}],"collection":[{"href":"https:\/\/www.deporteseli.com\/index.php?rest_route=\/wp\/v2\/product"}],"about":[{"href":"https:\/\/www.deporteseli.com\/index.php?rest_route=\/wp\/v2\/types\/product"}],"wp:featuredmedia":[{"embeddable":true,"href":"https:\/\/www.deporteseli.com\/index.php?rest_route=\/wp\/v2\/media\/54342"}],"wp:attachment":[{"href":"https:\/\/www.deporteseli.com\/index.php?rest_route=%2Fwp%2Fv2%2Fmedia&parent=40348"}],"wp:term":[{"taxonomy":"product_brand","embeddable":true,"href":"https:\/\/www.deporteseli.com\/index.php?rest_route=%2Fwp%2Fv2%2Fproduct_brand&post=40348"},{"taxonomy":"product_cat","embeddable":true,"href":"https:\/\/www.deporteseli.com\/index.php?rest_route=%2Fwp%2Fv2%2Fproduct_cat&post=40348"},{"taxonomy":"product_tag","embeddable":true,"href":"https:\/\/www.deporteseli.com\/index.php?rest_route=%2Fwp%2Fv2%2Fproduct_tag&post=40348"}],"curies":[{"name":"wp","href":"https:\/\/api.w.org\/{rel}","templated":true}]}}