{"id":40278,"date":"2026-01-27T18:50:10","date_gmt":"2026-01-27T18:50:10","guid":{"rendered":"https:\/\/www.deporteseli.com\/?product=balon-puma-la-liga-orbita-23-24-invierno-no5"},"modified":"2026-03-05T05:17:56","modified_gmt":"2026-03-05T05:17:56","slug":"balon-puma-la-liga-orbita-23-24-invierno-no5","status":"publish","type":"product","link":"https:\/\/www.deporteseli.com\/?product=balon-puma-la-liga-orbita-23-24-invierno-no5","title":{"rendered":"BAL\u00f3N PUMA LA LIGA ORBITA 23\/24 INVIERNO N\u00ba5"},"content":{"rendered":"<p>Salta a los campos de entrenamiento como las superestrellas de LaLiga con nuestro Orbita LaLiga 1 Hybrid, una r\u00e9plica del bal\u00f3n de entrenamiento que se usa en la liga espa\u00f1ola. Construido para durabilidad y consistencia, su construcci\u00f3n h\u00edbrida no muestra costuras visibles y la construcci\u00f3n de 32 paneles permite una gran retenci\u00f3n de forma.  N\u00ba5                                                                                                                                                                                                                                                                                                                                                                                                                                                                                                                                                                                                                                                                                                                                                                                                                                                                                                                                                                                                                                        <\/p>\n","protected":false},"excerpt":{"rendered":"<p>BAL\u00f3N PUMA LA LIGA ORBITA 23\/24 INVIERNO N\u00ba5<\/p>\n","protected":false},"featured_media":54298,"template":"","meta":[],"product_brand":[],"product_cat":[347],"product_tag":[32],"class_list":{"0":"post-40278","1":"product","2":"type-product","3":"status-publish","4":"has-post-thumbnail","6":"product_cat-deportes_balones","7":"product_tag-puma","8":"pa_color-unico","9":"pa_talla-169","10":"thunk-woo-product-list","11":"opn-qv-enable","12":"open-woo-hover-","13":"open-single-product-tab-horizontal","14":"open-shadow-","15":"open-shadow-hover-","17":"first","18":"instock","19":"sale","20":"shipping-taxable","21":"purchasable","22":"product-type-variable"},"jetpack_sharing_enabled":true,"_links":{"self":[{"href":"https:\/\/www.deporteseli.com\/index.php?rest_route=\/wp\/v2\/product\/40278","targetHints":{"allow":["GET"]}}],"collection":[{"href":"https:\/\/www.deporteseli.com\/index.php?rest_route=\/wp\/v2\/product"}],"about":[{"href":"https:\/\/www.deporteseli.com\/index.php?rest_route=\/wp\/v2\/types\/product"}],"wp:featuredmedia":[{"embeddable":true,"href":"https:\/\/www.deporteseli.com\/index.php?rest_route=\/wp\/v2\/media\/54298"}],"wp:attachment":[{"href":"https:\/\/www.deporteseli.com\/index.php?rest_route=%2Fwp%2Fv2%2Fmedia&parent=40278"}],"wp:term":[{"taxonomy":"product_brand","embeddable":true,"href":"https:\/\/www.deporteseli.com\/index.php?rest_route=%2Fwp%2Fv2%2Fproduct_brand&post=40278"},{"taxonomy":"product_cat","embeddable":true,"href":"https:\/\/www.deporteseli.com\/index.php?rest_route=%2Fwp%2Fv2%2Fproduct_cat&post=40278"},{"taxonomy":"product_tag","embeddable":true,"href":"https:\/\/www.deporteseli.com\/index.php?rest_route=%2Fwp%2Fv2%2Fproduct_tag&post=40278"}],"curies":[{"name":"wp","href":"https:\/\/api.w.org\/{rel}","templated":true}]}}