{"id":40205,"date":"2026-01-27T18:48:40","date_gmt":"2026-01-27T18:48:40","guid":{"rendered":"https:\/\/www.deporteseli.com\/?product=camisa-puma-676015"},"modified":"2026-03-07T05:42:53","modified_gmt":"2026-03-07T05:42:53","slug":"camisa-puma-676015","status":"publish","type":"product","link":"https:\/\/www.deporteseli.com\/?product=camisa-puma-676015","title":{"rendered":"CAMISA PUMA 676015"},"content":{"rendered":"<p>Arraigada en las tendencias universitarias y lo mejor del estilo universitario cl\u00e1sico, nuestra colecci\u00f3n PUMA Squad est\u00e1 aqu\u00ed para servir. Demuestra que eres parte del equipo con esta camiseta de manga larga con el logotipo de PUMA de inspiraci\u00f3n retro.    CARACTER\u00cdSTICAS Y BENEFICIOS  Algod\u00f3n m\u00e1s sustentable: El algod\u00f3n en los productos PUMA proviene de granjas enfocadas en la agricultura sustentable, como la eficiencia del agua y la protecci\u00f3n de la salud del suelo. M\u00e1s informaci\u00f3n: PUMA.com\/FOREVER MEJOR                                                                                                                                                                                                                                                                                                                                                                                                                                                                                                                                                                                                                                                                                                                                                                                                                                                                                                                                                                                                                                        <\/p>\n","protected":false},"excerpt":{"rendered":"<p>CAMISA PUMA 676015<\/p>\n","protected":false},"featured_media":54239,"template":"","meta":[],"product_brand":[],"product_cat":[245],"product_tag":[32],"class_list":{"0":"post-40205","1":"product","2":"type-product","3":"status-publish","4":"has-post-thumbnail","6":"product_cat-hombre_textil_camisetas","7":"product_tag-puma","8":"pa_color-unico","9":"pa_talla-l","10":"pa_talla-m","11":"pa_talla-s","12":"pa_talla-xl","13":"thunk-woo-product-list","14":"opn-qv-enable","15":"open-woo-hover-","16":"open-single-product-tab-horizontal","17":"open-shadow-","18":"open-shadow-hover-","20":"first","21":"instock","22":"shipping-taxable","23":"purchasable","24":"product-type-variable"},"jetpack_sharing_enabled":true,"_links":{"self":[{"href":"https:\/\/www.deporteseli.com\/index.php?rest_route=\/wp\/v2\/product\/40205","targetHints":{"allow":["GET"]}}],"collection":[{"href":"https:\/\/www.deporteseli.com\/index.php?rest_route=\/wp\/v2\/product"}],"about":[{"href":"https:\/\/www.deporteseli.com\/index.php?rest_route=\/wp\/v2\/types\/product"}],"wp:featuredmedia":[{"embeddable":true,"href":"https:\/\/www.deporteseli.com\/index.php?rest_route=\/wp\/v2\/media\/54239"}],"wp:attachment":[{"href":"https:\/\/www.deporteseli.com\/index.php?rest_route=%2Fwp%2Fv2%2Fmedia&parent=40205"}],"wp:term":[{"taxonomy":"product_brand","embeddable":true,"href":"https:\/\/www.deporteseli.com\/index.php?rest_route=%2Fwp%2Fv2%2Fproduct_brand&post=40205"},{"taxonomy":"product_cat","embeddable":true,"href":"https:\/\/www.deporteseli.com\/index.php?rest_route=%2Fwp%2Fv2%2Fproduct_cat&post=40205"},{"taxonomy":"product_tag","embeddable":true,"href":"https:\/\/www.deporteseli.com\/index.php?rest_route=%2Fwp%2Fv2%2Fproduct_tag&post=40205"}],"curies":[{"name":"wp","href":"https:\/\/api.w.org\/{rel}","templated":true}]}}