{"id":40182,"date":"2026-01-27T18:48:06","date_gmt":"2026-01-27T18:48:06","guid":{"rendered":"https:\/\/www.deporteseli.com\/?product=gorra-puma-052911"},"modified":"2026-01-27T18:48:07","modified_gmt":"2026-01-27T18:48:07","slug":"gorra-puma-052911","status":"publish","type":"product","link":"https:\/\/www.deporteseli.com\/?product=gorra-puma-052911","title":{"rendered":"GORRA PUMA 052911"},"content":{"rendered":"<p>Informaci\u00f3n del Producto    Una gorra para correr que utiliza un borde de material reflectante en la l\u00ednea curva de la visera. DryCELL (celda seca) altamente transpirable mantiene el interior del sombrero c\u00f3modo incluso durante el entrenamiento. El ajustador de cierre r\u00e1pido le permite ajustar el ajuste seg\u00fan sus preferencias. El gato y el logotipo de dryCELL tienen un estampado reflectante. Recomendado no s\u00f3lo para correr, sino tambi\u00e9n para diversas actividades deportivas.                                                                                                                                                                                                                                                                                                                                                                                                                                                                                                                                                                                                                                                                                                                                                                                                                                                                                                                                                                                                                                        <\/p>\n","protected":false},"excerpt":{"rendered":"<p>GORRA PUMA 052911<\/p>\n","protected":false},"featured_media":54215,"template":"","meta":[],"product_brand":[],"product_cat":[399],"product_tag":[32],"class_list":{"0":"post-40182","1":"product","2":"type-product","3":"status-publish","4":"has-post-thumbnail","6":"product_cat-accesorios_gorras","7":"product_tag-puma","8":"pa_color-unico","9":"pa_talla-unica","10":"thunk-woo-product-list","11":"opn-qv-enable","12":"open-woo-hover-","13":"open-single-product-tab-horizontal","14":"open-shadow-","15":"open-shadow-hover-","17":"first","18":"instock","19":"shipping-taxable","20":"purchasable","21":"product-type-variable"},"jetpack_sharing_enabled":true,"_links":{"self":[{"href":"https:\/\/www.deporteseli.com\/index.php?rest_route=\/wp\/v2\/product\/40182","targetHints":{"allow":["GET"]}}],"collection":[{"href":"https:\/\/www.deporteseli.com\/index.php?rest_route=\/wp\/v2\/product"}],"about":[{"href":"https:\/\/www.deporteseli.com\/index.php?rest_route=\/wp\/v2\/types\/product"}],"wp:featuredmedia":[{"embeddable":true,"href":"https:\/\/www.deporteseli.com\/index.php?rest_route=\/wp\/v2\/media\/54215"}],"wp:attachment":[{"href":"https:\/\/www.deporteseli.com\/index.php?rest_route=%2Fwp%2Fv2%2Fmedia&parent=40182"}],"wp:term":[{"taxonomy":"product_brand","embeddable":true,"href":"https:\/\/www.deporteseli.com\/index.php?rest_route=%2Fwp%2Fv2%2Fproduct_brand&post=40182"},{"taxonomy":"product_cat","embeddable":true,"href":"https:\/\/www.deporteseli.com\/index.php?rest_route=%2Fwp%2Fv2%2Fproduct_cat&post=40182"},{"taxonomy":"product_tag","embeddable":true,"href":"https:\/\/www.deporteseli.com\/index.php?rest_route=%2Fwp%2Fv2%2Fproduct_tag&post=40182"}],"curies":[{"name":"wp","href":"https:\/\/api.w.org\/{rel}","templated":true}]}}