{"id":40105,"date":"2026-01-27T18:46:35","date_gmt":"2026-01-27T18:46:35","guid":{"rendered":"https:\/\/www.deporteseli.com\/?product=camiseta-grafica-juvenil-puma-squad"},"modified":"2026-03-07T05:41:38","modified_gmt":"2026-03-07T05:41:38","slug":"camiseta-grafica-juvenil-puma-squad","status":"publish","type":"product","link":"https:\/\/www.deporteseli.com\/?product=camiseta-grafica-juvenil-puma-squad","title":{"rendered":"CAMISETA GR\u00e1FICA JUVENIL PUMA SQUAD"},"content":{"rendered":"<p>Nuestra colecci\u00f3n PUMA Squad, basada en las tendencias universitarias y el estilo estudiantil m\u00e1s cl\u00e1sico, ha llegado para quedarse. Demuestra que formas parte del equipo con esta camiseta gr\u00e1fica, con un logotipo PUMA de inspiraci\u00f3n retro.      CARACTER\u00cdSTICAS   BENEFICIOS  El algod\u00f3n de los productos de PUMA procede de plantaciones que aplican los principios de la agricultura sostenible, como la eficiencia h\u00eddrica y la protecci\u00f3n de la salud del suelo. M\u00e1s informaci\u00f3n: PUMA.com\/FOREVERBETTER  DETALLES  Gr\u00e1fico estampado en goma en el pecho  Corte est\u00e1ndar  Punto sencillo  Composici\u00f3n  Acanalado: 80% Algod\u00f3n, 20% Poli\u00e9ster  Exterior: 100% Algod\u00f3n                                                                                                                                                                                                                                                                                                                                                                                                                                                                                                                                                                                                                                                                                                                                                                                                                                                                                                                                                                                                                                        <\/p>\n","protected":false},"excerpt":{"rendered":"<p>CAMISETA GR\u00e1FICA JUVENIL PUMA SQUAD<\/p>\n","protected":false},"featured_media":54168,"template":"","meta":[],"product_brand":[],"product_cat":[376],"product_tag":[32],"class_list":{"0":"post-40105","1":"product","2":"type-product","3":"status-publish","4":"has-post-thumbnail","6":"product_cat-ninas_textil_camisetas","7":"product_tag-puma","8":"pa_color-unico","9":"pa_talla-t-10","10":"pa_talla-t-12","11":"pa_talla-t-14","12":"pa_talla-t-8","13":"thunk-woo-product-list","14":"opn-qv-enable","15":"open-woo-hover-","16":"open-single-product-tab-horizontal","17":"open-shadow-","18":"open-shadow-hover-","20":"first","21":"instock","22":"shipping-taxable","23":"purchasable","24":"product-type-variable"},"jetpack_sharing_enabled":true,"_links":{"self":[{"href":"https:\/\/www.deporteseli.com\/index.php?rest_route=\/wp\/v2\/product\/40105","targetHints":{"allow":["GET"]}}],"collection":[{"href":"https:\/\/www.deporteseli.com\/index.php?rest_route=\/wp\/v2\/product"}],"about":[{"href":"https:\/\/www.deporteseli.com\/index.php?rest_route=\/wp\/v2\/types\/product"}],"wp:featuredmedia":[{"embeddable":true,"href":"https:\/\/www.deporteseli.com\/index.php?rest_route=\/wp\/v2\/media\/54168"}],"wp:attachment":[{"href":"https:\/\/www.deporteseli.com\/index.php?rest_route=%2Fwp%2Fv2%2Fmedia&parent=40105"}],"wp:term":[{"taxonomy":"product_brand","embeddable":true,"href":"https:\/\/www.deporteseli.com\/index.php?rest_route=%2Fwp%2Fv2%2Fproduct_brand&post=40105"},{"taxonomy":"product_cat","embeddable":true,"href":"https:\/\/www.deporteseli.com\/index.php?rest_route=%2Fwp%2Fv2%2Fproduct_cat&post=40105"},{"taxonomy":"product_tag","embeddable":true,"href":"https:\/\/www.deporteseli.com\/index.php?rest_route=%2Fwp%2Fv2%2Fproduct_tag&post=40105"}],"curies":[{"name":"wp","href":"https:\/\/api.w.org\/{rel}","templated":true}]}}