{"id":40038,"date":"2026-01-27T18:44:42","date_gmt":"2026-01-27T18:44:42","guid":{"rendered":"https:\/\/www.deporteseli.com\/?product=short-bullpadel-ocaso"},"modified":"2026-03-07T05:40:43","modified_gmt":"2026-03-07T05:40:43","slug":"short-bullpadel-ocaso","status":"publish","type":"product","link":"https:\/\/www.deporteseli.com\/?product=short-bullpadel-ocaso","title":{"rendered":"SHORT BULLPADEL OCASO"},"content":{"rendered":"<p>Bermuda estampada fabricada en tejido a la plana de poli\u00e9ster con acabado de secado r\u00e1pido. Incorpora braguero interior, una pieza de rejilla el\u00e1stica en la entrepierna para facilitar la libertad de movimiento y bolsillos laterales. Adem\u00e1s, el dise\u00f1o presenta un gr\u00e1fico en el lateral derecho y el logotipo en el frontal.  Short de hombre de nuestra colecci\u00f3n Court.    Color: verde vibrante    Composici\u00f3n: 100% poli\u00e9ster. W\/R    Tejido t\u00e9cnico: Quickerdy                                                                                                                                                                                                                                                                                                                                                                                                                                                                                                                                                                                                                                                                                                                                                                                                                                                                                                                                                                                                                                        <\/p>\n","protected":false},"excerpt":{"rendered":"<p>SHORT BULLPADEL OCASO<\/p>\n","protected":false},"featured_media":54119,"template":"","meta":[],"product_brand":[],"product_cat":[365],"product_tag":[21],"class_list":{"0":"post-40038","1":"product","2":"type-product","3":"status-publish","4":"has-post-thumbnail","6":"product_cat-padel_y_tenis_textil_shorts","7":"product_tag-bull_padel","8":"pa_color-unico","9":"pa_talla-s","10":"thunk-woo-product-list","11":"opn-qv-enable","12":"open-woo-hover-","13":"open-single-product-tab-horizontal","14":"open-shadow-","15":"open-shadow-hover-","17":"first","18":"instock","19":"shipping-taxable","20":"purchasable","21":"product-type-variable"},"jetpack_sharing_enabled":true,"_links":{"self":[{"href":"https:\/\/www.deporteseli.com\/index.php?rest_route=\/wp\/v2\/product\/40038","targetHints":{"allow":["GET"]}}],"collection":[{"href":"https:\/\/www.deporteseli.com\/index.php?rest_route=\/wp\/v2\/product"}],"about":[{"href":"https:\/\/www.deporteseli.com\/index.php?rest_route=\/wp\/v2\/types\/product"}],"wp:featuredmedia":[{"embeddable":true,"href":"https:\/\/www.deporteseli.com\/index.php?rest_route=\/wp\/v2\/media\/54119"}],"wp:attachment":[{"href":"https:\/\/www.deporteseli.com\/index.php?rest_route=%2Fwp%2Fv2%2Fmedia&parent=40038"}],"wp:term":[{"taxonomy":"product_brand","embeddable":true,"href":"https:\/\/www.deporteseli.com\/index.php?rest_route=%2Fwp%2Fv2%2Fproduct_brand&post=40038"},{"taxonomy":"product_cat","embeddable":true,"href":"https:\/\/www.deporteseli.com\/index.php?rest_route=%2Fwp%2Fv2%2Fproduct_cat&post=40038"},{"taxonomy":"product_tag","embeddable":true,"href":"https:\/\/www.deporteseli.com\/index.php?rest_route=%2Fwp%2Fv2%2Fproduct_tag&post=40038"}],"curies":[{"name":"wp","href":"https:\/\/api.w.org\/{rel}","templated":true}]}}