{"id":40033,"date":"2026-01-27T18:44:35","date_gmt":"2026-01-27T18:44:35","guid":{"rendered":"https:\/\/www.deporteseli.com\/?product=short-bullpadel-orzar-2"},"modified":"2026-03-07T05:40:38","modified_gmt":"2026-03-07T05:40:38","slug":"short-bullpadel-orzar-2","status":"publish","type":"product","link":"https:\/\/www.deporteseli.com\/?product=short-bullpadel-orzar-2","title":{"rendered":"SHORT BULLPADEL ORZAR"},"content":{"rendered":"<p>Bermuda fabricada en rejilla de poli\u00e9ster con acabado de secado r\u00e1pido. Cuenta con un corte a contraste y decoraci\u00f3n en la zona trasera de la pierna izquierda, un braguero interior, cinturilla el\u00e1stica y el logotipo en el frontal.Short de hombre de nuestra l\u00ednea Court.    Composici\u00f3n: 100% poli\u00e9ster. Marbled fake mesh.    Tejido t\u00e9cnico: Quickerdry                                                                                                                                                                                                                                                                                                                                                                                                                                                                                                                                                                                                                                                                                                                                                                                                                                                                                                                                                                                                                                        <\/p>\n","protected":false},"excerpt":{"rendered":"<p>SHORT BULLPADEL ORZAR<\/p>\n","protected":false},"featured_media":54111,"template":"","meta":[],"product_brand":[],"product_cat":[365],"product_tag":[21],"class_list":{"0":"post-40033","1":"product","2":"type-product","3":"status-publish","4":"has-post-thumbnail","6":"product_cat-padel_y_tenis_textil_shorts","7":"product_tag-bull_padel","8":"pa_color-unico","9":"pa_talla-s","10":"pa_talla-xxl","11":"thunk-woo-product-list","12":"opn-qv-enable","13":"open-woo-hover-","14":"open-single-product-tab-horizontal","15":"open-shadow-","16":"open-shadow-hover-","18":"first","19":"instock","20":"shipping-taxable","21":"purchasable","22":"product-type-variable"},"jetpack_sharing_enabled":true,"_links":{"self":[{"href":"https:\/\/www.deporteseli.com\/index.php?rest_route=\/wp\/v2\/product\/40033","targetHints":{"allow":["GET"]}}],"collection":[{"href":"https:\/\/www.deporteseli.com\/index.php?rest_route=\/wp\/v2\/product"}],"about":[{"href":"https:\/\/www.deporteseli.com\/index.php?rest_route=\/wp\/v2\/types\/product"}],"wp:featuredmedia":[{"embeddable":true,"href":"https:\/\/www.deporteseli.com\/index.php?rest_route=\/wp\/v2\/media\/54111"}],"wp:attachment":[{"href":"https:\/\/www.deporteseli.com\/index.php?rest_route=%2Fwp%2Fv2%2Fmedia&parent=40033"}],"wp:term":[{"taxonomy":"product_brand","embeddable":true,"href":"https:\/\/www.deporteseli.com\/index.php?rest_route=%2Fwp%2Fv2%2Fproduct_brand&post=40033"},{"taxonomy":"product_cat","embeddable":true,"href":"https:\/\/www.deporteseli.com\/index.php?rest_route=%2Fwp%2Fv2%2Fproduct_cat&post=40033"},{"taxonomy":"product_tag","embeddable":true,"href":"https:\/\/www.deporteseli.com\/index.php?rest_route=%2Fwp%2Fv2%2Fproduct_tag&post=40033"}],"curies":[{"name":"wp","href":"https:\/\/api.w.org\/{rel}","templated":true}]}}