{"id":40027,"date":"2026-01-27T18:44:28","date_gmt":"2026-01-27T18:44:28","guid":{"rendered":"https:\/\/www.deporteseli.com\/?product=pantalon-bullpadel-naipe"},"modified":"2026-03-07T05:40:30","modified_gmt":"2026-03-07T05:40:30","slug":"pantalon-bullpadel-naipe","status":"publish","type":"product","link":"https:\/\/www.deporteseli.com\/?product=pantalon-bullpadel-naipe","title":{"rendered":"PANTALON BULLPADEL NAIPE"},"content":{"rendered":"<p>Pantal\u00f3n con tejido de felpa el\u00e1stica perchada en el interior. El dise\u00f1o presenta el logotipo bordado en un lateral, canal\u00e9 el\u00e1stico tanto en el pu\u00f1o como en la cinturilla, bolsillos en los laterales y otro trasero con cremallera.  Pantal\u00f3n largo de hombre de nuestra l\u00ednea Winter.    Color Negro    Composici\u00f3n: 63% poli\u00e9ster &#8211; 34% algod\u00f3n &#8211; 3% elast\u00e1n. Elastic french terry.                                                                                                                                                                                                                                                                                                                                                                                                                                                                                                                                                                                                                                                                                                                                                                                                                                                                                                                                                                                                                                        <\/p>\n","protected":false},"excerpt":{"rendered":"<p>PANTALON BULLPADEL NAIPE<\/p>\n","protected":false},"featured_media":54099,"template":"","meta":[],"product_brand":[],"product_cat":[365],"product_tag":[21],"class_list":{"0":"post-40027","1":"product","2":"type-product","3":"status-publish","4":"has-post-thumbnail","6":"product_cat-padel_y_tenis_textil_shorts","7":"product_tag-bull_padel","8":"pa_color-unico","9":"pa_talla-l","10":"thunk-woo-product-list","11":"opn-qv-enable","12":"open-woo-hover-","13":"open-single-product-tab-horizontal","14":"open-shadow-","15":"open-shadow-hover-","17":"first","18":"instock","19":"shipping-taxable","20":"purchasable","21":"product-type-variable"},"jetpack_sharing_enabled":true,"_links":{"self":[{"href":"https:\/\/www.deporteseli.com\/index.php?rest_route=\/wp\/v2\/product\/40027","targetHints":{"allow":["GET"]}}],"collection":[{"href":"https:\/\/www.deporteseli.com\/index.php?rest_route=\/wp\/v2\/product"}],"about":[{"href":"https:\/\/www.deporteseli.com\/index.php?rest_route=\/wp\/v2\/types\/product"}],"wp:featuredmedia":[{"embeddable":true,"href":"https:\/\/www.deporteseli.com\/index.php?rest_route=\/wp\/v2\/media\/54099"}],"wp:attachment":[{"href":"https:\/\/www.deporteseli.com\/index.php?rest_route=%2Fwp%2Fv2%2Fmedia&parent=40027"}],"wp:term":[{"taxonomy":"product_brand","embeddable":true,"href":"https:\/\/www.deporteseli.com\/index.php?rest_route=%2Fwp%2Fv2%2Fproduct_brand&post=40027"},{"taxonomy":"product_cat","embeddable":true,"href":"https:\/\/www.deporteseli.com\/index.php?rest_route=%2Fwp%2Fv2%2Fproduct_cat&post=40027"},{"taxonomy":"product_tag","embeddable":true,"href":"https:\/\/www.deporteseli.com\/index.php?rest_route=%2Fwp%2Fv2%2Fproduct_tag&post=40027"}],"curies":[{"name":"wp","href":"https:\/\/api.w.org\/{rel}","templated":true}]}}