{"id":39985,"date":"2026-01-27T18:43:32","date_gmt":"2026-01-27T18:43:32","guid":{"rendered":"https:\/\/www.deporteseli.com\/?product=short-bullpadel-opaco-uva-tamizado"},"modified":"2026-03-07T05:39:48","modified_gmt":"2026-03-07T05:39:48","slug":"short-bullpadel-opaco-uva-tamizado","status":"publish","type":"product","link":"https:\/\/www.deporteseli.com\/?product=short-bullpadel-opaco-uva-tamizado","title":{"rendered":"SHORT BULLPADEL OPACO UVA TAMIZADO"},"content":{"rendered":"<p>Bermuda fabricada en rejilla de poli\u00e9ster con acabado de secado r\u00e1pido. Este modelo presenta inserciones de rejilla el\u00e1stica en los bolsillos, cinturilla el\u00e1stica, decoraci\u00f3n en el lateral izquierdo y el logotipo en el frontal.  Short de hombre de nuestra l\u00ednea Court.    Color: uva tamizado    Composici\u00f3n: 100% poli\u00e9ster. Marbled fake mesh.                                                                                                                                                                                                                                                                                                                                                                                                                                                                                                                                                                                                                                                                                                                                                                                                                                                                                                                                                                                                                                        <\/p>\n","protected":false},"excerpt":{"rendered":"<p>SHORT BULLPADEL OPACO UVA TAMIZADO<\/p>\n","protected":false},"featured_media":54024,"template":"","meta":[],"product_brand":[],"product_cat":[365],"product_tag":[21],"class_list":{"0":"post-39985","1":"product","2":"type-product","3":"status-publish","4":"has-post-thumbnail","6":"product_cat-padel_y_tenis_textil_shorts","7":"product_tag-bull_padel","8":"pa_color-unico","9":"pa_talla-l","10":"pa_talla-m","11":"pa_talla-xxl","12":"thunk-woo-product-list","13":"opn-qv-enable","14":"open-woo-hover-","15":"open-single-product-tab-horizontal","16":"open-shadow-","17":"open-shadow-hover-","19":"first","20":"instock","21":"shipping-taxable","22":"purchasable","23":"product-type-variable"},"jetpack_sharing_enabled":true,"_links":{"self":[{"href":"https:\/\/www.deporteseli.com\/index.php?rest_route=\/wp\/v2\/product\/39985","targetHints":{"allow":["GET"]}}],"collection":[{"href":"https:\/\/www.deporteseli.com\/index.php?rest_route=\/wp\/v2\/product"}],"about":[{"href":"https:\/\/www.deporteseli.com\/index.php?rest_route=\/wp\/v2\/types\/product"}],"wp:featuredmedia":[{"embeddable":true,"href":"https:\/\/www.deporteseli.com\/index.php?rest_route=\/wp\/v2\/media\/54024"}],"wp:attachment":[{"href":"https:\/\/www.deporteseli.com\/index.php?rest_route=%2Fwp%2Fv2%2Fmedia&parent=39985"}],"wp:term":[{"taxonomy":"product_brand","embeddable":true,"href":"https:\/\/www.deporteseli.com\/index.php?rest_route=%2Fwp%2Fv2%2Fproduct_brand&post=39985"},{"taxonomy":"product_cat","embeddable":true,"href":"https:\/\/www.deporteseli.com\/index.php?rest_route=%2Fwp%2Fv2%2Fproduct_cat&post=39985"},{"taxonomy":"product_tag","embeddable":true,"href":"https:\/\/www.deporteseli.com\/index.php?rest_route=%2Fwp%2Fv2%2Fproduct_tag&post=39985"}],"curies":[{"name":"wp","href":"https:\/\/api.w.org\/{rel}","templated":true}]}}