{"id":39935,"date":"2026-01-27T18:42:26","date_gmt":"2026-01-27T18:42:26","guid":{"rendered":"https:\/\/www.deporteseli.com\/?product=pantalon-essentials-single-jersey"},"modified":"2026-04-23T04:17:39","modified_gmt":"2026-04-23T04:17:39","slug":"pantalon-essentials-single-jersey","status":"publish","type":"product","link":"https:\/\/www.deporteseli.com\/?product=pantalon-essentials-single-jersey","title":{"rendered":"PANTAL\u00f3N ESSENTIALS SINGLE JERSEY"},"content":{"rendered":"<p>DATE UN MERECIDO DESCANSO  Este pantal\u00f3n adidas es perfecto para afrontar el segundo asalto despu\u00e9s de un duro entrenamiento. Hablamos de la recuperaci\u00f3n, que es imprescindible para evitar la fatiga muscular. El tejido con mezcla de algod\u00f3n suave y tecnolog\u00eda transpirable AEROREADY mantiene la piel seca y te ayuda a relajarte con total comodidad. Los logotipos de adidas aportan un toque deportivo a tu look.    Este producto contiene al menos un 70% de materiales reciclados y renovables.  Corte cl\u00e1sico con cintura de talle medio  Cintura el\u00e1stica con cord\u00f3n  Punto 70% algod\u00f3n \/ 30% poli\u00e9ster reciclado  AEROREADY  Bolsillos frontales  Pu\u00f1os el\u00e1sticos  Color del art\u00edculo: Legend Ink  N\u00famero de art\u00edculo: IC0056                                                                                                                                                                                                                                                                                                                                                                                                                                                                                                                                                                                                                                                                                                                                                                                                                                                                                                                                                                                                                                        <\/p>\n","protected":false},"excerpt":{"rendered":"<p>PANTAL\u00f3N ESSENTIALS SINGLE JERSEY<\/p>\n","protected":false},"featured_media":53979,"template":"","meta":[],"product_brand":[],"product_cat":[252],"product_tag":[18],"class_list":{"0":"post-39935","1":"product","2":"type-product","3":"status-publish","4":"has-post-thumbnail","6":"product_cat-hombre_textil_pantalones","7":"product_tag-adidas","8":"pa_color-unico","9":"pa_talla-s","10":"thunk-woo-product-list","11":"opn-qv-enable","12":"open-woo-hover-","13":"open-single-product-tab-horizontal","14":"open-shadow-","15":"open-shadow-hover-","17":"first","18":"instock","19":"shipping-taxable","20":"purchasable","21":"product-type-variable"},"jetpack_sharing_enabled":true,"_links":{"self":[{"href":"https:\/\/www.deporteseli.com\/index.php?rest_route=\/wp\/v2\/product\/39935","targetHints":{"allow":["GET"]}}],"collection":[{"href":"https:\/\/www.deporteseli.com\/index.php?rest_route=\/wp\/v2\/product"}],"about":[{"href":"https:\/\/www.deporteseli.com\/index.php?rest_route=\/wp\/v2\/types\/product"}],"wp:featuredmedia":[{"embeddable":true,"href":"https:\/\/www.deporteseli.com\/index.php?rest_route=\/wp\/v2\/media\/53979"}],"wp:attachment":[{"href":"https:\/\/www.deporteseli.com\/index.php?rest_route=%2Fwp%2Fv2%2Fmedia&parent=39935"}],"wp:term":[{"taxonomy":"product_brand","embeddable":true,"href":"https:\/\/www.deporteseli.com\/index.php?rest_route=%2Fwp%2Fv2%2Fproduct_brand&post=39935"},{"taxonomy":"product_cat","embeddable":true,"href":"https:\/\/www.deporteseli.com\/index.php?rest_route=%2Fwp%2Fv2%2Fproduct_cat&post=39935"},{"taxonomy":"product_tag","embeddable":true,"href":"https:\/\/www.deporteseli.com\/index.php?rest_route=%2Fwp%2Fv2%2Fproduct_tag&post=39935"}],"curies":[{"name":"wp","href":"https:\/\/api.w.org\/{rel}","templated":true}]}}