{"id":39834,"date":"2026-01-27T18:40:09","date_gmt":"2026-01-27T18:40:09","guid":{"rendered":"https:\/\/www.deporteseli.com\/?product=jogger-de-tejido-fleece-ua"},"modified":"2026-03-07T05:38:16","modified_gmt":"2026-03-07T05:38:16","slug":"jogger-de-tejido-fleece-ua","status":"publish","type":"product","link":"https:\/\/www.deporteseli.com\/?product=jogger-de-tejido-fleece-ua","title":{"rendered":"JOGGER DE TEJIDO FLEECE UA"},"content":{"rendered":"<p>Esta equipaci\u00f3n resulta perfecta para cualquier actividad, ya que es c\u00e1lida, ligera y c\u00f3moda, y cuenta con un interior supersuave.  Tejido Fleece de mezcla de algod\u00f3n ultrasuave con interior cepillado para una mayor calidez  Cintura el\u00e1stica con revestimiento y cord\u00f3n exterior  Bolsillos laterales abiertos y bolsillo posterior con cierre a presi\u00f3n  N\u00fam. de producto: 1379774  Entrepierna: 79 cm  Bolsillos: S\u00ed  80 % algod\u00f3n\/20 % poli\u00e9ster  Producto importado                                                                                                                                                                                                                                                                                                                                                                                                                                                                                                                                                                                                                                                                                                                                                                                                                                                                                                                                                                                                                                        <\/p>\n","protected":false},"excerpt":{"rendered":"<p>JOGGER DE TEJIDO FLEECE UA<\/p>\n","protected":false},"featured_media":53903,"template":"","meta":[],"product_brand":[],"product_cat":[252],"product_tag":[81],"class_list":{"0":"post-39834","1":"product","2":"type-product","3":"status-publish","4":"has-post-thumbnail","6":"product_cat-hombre_textil_pantalones","7":"product_tag-under_armour","8":"pa_color-unico","9":"pa_talla-l","10":"thunk-woo-product-list","11":"opn-qv-enable","12":"open-woo-hover-","13":"open-single-product-tab-horizontal","14":"open-shadow-","15":"open-shadow-hover-","17":"first","18":"instock","19":"shipping-taxable","20":"purchasable","21":"product-type-variable"},"jetpack_sharing_enabled":true,"_links":{"self":[{"href":"https:\/\/www.deporteseli.com\/index.php?rest_route=\/wp\/v2\/product\/39834","targetHints":{"allow":["GET"]}}],"collection":[{"href":"https:\/\/www.deporteseli.com\/index.php?rest_route=\/wp\/v2\/product"}],"about":[{"href":"https:\/\/www.deporteseli.com\/index.php?rest_route=\/wp\/v2\/types\/product"}],"wp:featuredmedia":[{"embeddable":true,"href":"https:\/\/www.deporteseli.com\/index.php?rest_route=\/wp\/v2\/media\/53903"}],"wp:attachment":[{"href":"https:\/\/www.deporteseli.com\/index.php?rest_route=%2Fwp%2Fv2%2Fmedia&parent=39834"}],"wp:term":[{"taxonomy":"product_brand","embeddable":true,"href":"https:\/\/www.deporteseli.com\/index.php?rest_route=%2Fwp%2Fv2%2Fproduct_brand&post=39834"},{"taxonomy":"product_cat","embeddable":true,"href":"https:\/\/www.deporteseli.com\/index.php?rest_route=%2Fwp%2Fv2%2Fproduct_cat&post=39834"},{"taxonomy":"product_tag","embeddable":true,"href":"https:\/\/www.deporteseli.com\/index.php?rest_route=%2Fwp%2Fv2%2Fproduct_tag&post=39834"}],"curies":[{"name":"wp","href":"https:\/\/api.w.org\/{rel}","templated":true}]}}