{"id":39727,"date":"2026-01-27T18:38:00","date_gmt":"2026-01-27T18:38:00","guid":{"rendered":"https:\/\/www.deporteseli.com\/?product=adidas-sudadera-ij8574"},"modified":"2026-03-07T05:36:40","modified_gmt":"2026-03-07T05:36:40","slug":"adidas-sudadera-ij8574","status":"publish","type":"product","link":"https:\/\/www.deporteseli.com\/?product=adidas-sudadera-ij8574","title":{"rendered":"ADIDAS SUDADERA IJ8574"},"content":{"rendered":"<p>Adidas Sudadera IJ8574  La sudadera Adidas IJ8574 es una prenda de vestir esencial para cualquier amante del deporte o la moda casual. Su dise\u00f1o vers\u00e1til y c\u00f3modo la convierte en una opci\u00f3n ideal para cualquier ocasi\u00f3n.    Comodidad y Estilo  Esta sudadera combina la comodidad de una prenda deportiva con el estilo inconfundible de Adidas. Su dise\u00f1o minimalista y elegante la hace perfecta para combinar con cualquier tipo de ropa, ya sea para hacer deporte o para un look casual.  Material: Poli\u00e9ster y algod\u00f3n                                                                                                                                                                                                                                                                                                                                                                                                                                                                                                                                                                                                                                                                                                                                                                                                                                                                                                                                                                                                                                        <\/p>\n","protected":false},"excerpt":{"rendered":"<p>ADIDAS SUDADERA IJ8574<\/p>\n","protected":false},"featured_media":53835,"template":"","meta":[],"product_brand":[],"product_cat":[253],"product_tag":[18],"class_list":{"0":"post-39727","1":"product","2":"type-product","3":"status-publish","4":"has-post-thumbnail","6":"product_cat-hombre_textil_sudaderas","7":"product_tag-adidas","8":"pa_color-unico","9":"pa_talla-l","10":"thunk-woo-product-list","11":"opn-qv-enable","12":"open-woo-hover-","13":"open-single-product-tab-horizontal","14":"open-shadow-","15":"open-shadow-hover-","17":"first","18":"instock","19":"shipping-taxable","20":"purchasable","21":"product-type-variable"},"jetpack_sharing_enabled":true,"_links":{"self":[{"href":"https:\/\/www.deporteseli.com\/index.php?rest_route=\/wp\/v2\/product\/39727","targetHints":{"allow":["GET"]}}],"collection":[{"href":"https:\/\/www.deporteseli.com\/index.php?rest_route=\/wp\/v2\/product"}],"about":[{"href":"https:\/\/www.deporteseli.com\/index.php?rest_route=\/wp\/v2\/types\/product"}],"wp:featuredmedia":[{"embeddable":true,"href":"https:\/\/www.deporteseli.com\/index.php?rest_route=\/wp\/v2\/media\/53835"}],"wp:attachment":[{"href":"https:\/\/www.deporteseli.com\/index.php?rest_route=%2Fwp%2Fv2%2Fmedia&parent=39727"}],"wp:term":[{"taxonomy":"product_brand","embeddable":true,"href":"https:\/\/www.deporteseli.com\/index.php?rest_route=%2Fwp%2Fv2%2Fproduct_brand&post=39727"},{"taxonomy":"product_cat","embeddable":true,"href":"https:\/\/www.deporteseli.com\/index.php?rest_route=%2Fwp%2Fv2%2Fproduct_cat&post=39727"},{"taxonomy":"product_tag","embeddable":true,"href":"https:\/\/www.deporteseli.com\/index.php?rest_route=%2Fwp%2Fv2%2Fproduct_tag&post=39727"}],"curies":[{"name":"wp","href":"https:\/\/api.w.org\/{rel}","templated":true}]}}