{"id":39712,"date":"2026-01-27T18:37:40","date_gmt":"2026-01-27T18:37:40","guid":{"rendered":"https:\/\/www.deporteseli.com\/?product=camiseta-essentials-4"},"modified":"2026-03-07T05:36:27","modified_gmt":"2026-03-07T05:36:27","slug":"camiseta-essentials-4","status":"publish","type":"product","link":"https:\/\/www.deporteseli.com\/?product=camiseta-essentials-4","title":{"rendered":"CAMISETA ESSENTIALS"},"content":{"rendered":"<p>PURO ESTILO ADIDAS  Si te gusta lo sencillo, te encantar\u00e1 esta camiseta adidas. Su dise\u00f1o cl\u00e1sico de cuello redondo combina con todo. El tejido de algod\u00f3n te ofrece un tacto c\u00f3modo y suave.    Nuestros productos de algod\u00f3n se han fabricado de forma sostenible.  Corte cl\u00e1sico  Cuello redondo de canal\u00e9  Punto 100% algod\u00f3n  Producto creado en colaboraci\u00f3n con Better Cotton  Color del art\u00edculo: White \/ Black  N\u00famero de art\u00edculo: IC9276                                                                                                                                                                                                                                                                                                                                                                                                                                                                                                                                                                                                                                                                                                                                                                                                                                                                                                                                                                                                                                        <\/p>\n","protected":false},"excerpt":{"rendered":"<p>CAMISETA ESSENTIALS<\/p>\n","protected":false},"featured_media":53828,"template":"","meta":[],"product_brand":[],"product_cat":[245],"product_tag":[18],"class_list":{"0":"post-39712","1":"product","2":"type-product","3":"status-publish","4":"has-post-thumbnail","6":"product_cat-hombre_textil_camisetas","7":"product_tag-adidas","8":"pa_color-unico","9":"pa_talla-m","10":"pa_talla-s","11":"pa_talla-xl","12":"thunk-woo-product-list","13":"opn-qv-enable","14":"open-woo-hover-","15":"open-single-product-tab-horizontal","16":"open-shadow-","17":"open-shadow-hover-","19":"first","20":"instock","21":"shipping-taxable","22":"purchasable","23":"product-type-variable"},"jetpack_sharing_enabled":true,"_links":{"self":[{"href":"https:\/\/www.deporteseli.com\/index.php?rest_route=\/wp\/v2\/product\/39712","targetHints":{"allow":["GET"]}}],"collection":[{"href":"https:\/\/www.deporteseli.com\/index.php?rest_route=\/wp\/v2\/product"}],"about":[{"href":"https:\/\/www.deporteseli.com\/index.php?rest_route=\/wp\/v2\/types\/product"}],"wp:featuredmedia":[{"embeddable":true,"href":"https:\/\/www.deporteseli.com\/index.php?rest_route=\/wp\/v2\/media\/53828"}],"wp:attachment":[{"href":"https:\/\/www.deporteseli.com\/index.php?rest_route=%2Fwp%2Fv2%2Fmedia&parent=39712"}],"wp:term":[{"taxonomy":"product_brand","embeddable":true,"href":"https:\/\/www.deporteseli.com\/index.php?rest_route=%2Fwp%2Fv2%2Fproduct_brand&post=39712"},{"taxonomy":"product_cat","embeddable":true,"href":"https:\/\/www.deporteseli.com\/index.php?rest_route=%2Fwp%2Fv2%2Fproduct_cat&post=39712"},{"taxonomy":"product_tag","embeddable":true,"href":"https:\/\/www.deporteseli.com\/index.php?rest_route=%2Fwp%2Fv2%2Fproduct_tag&post=39712"}],"curies":[{"name":"wp","href":"https:\/\/api.w.org\/{rel}","templated":true}]}}