{"id":39633,"date":"2026-01-27T18:36:01","date_gmt":"2026-01-27T18:36:01","guid":{"rendered":"https:\/\/www.deporteseli.com\/?product=x-crazyfast-4-tf"},"modified":"2026-03-21T05:18:38","modified_gmt":"2026-03-21T05:18:38","slug":"x-crazyfast-4-tf","status":"publish","type":"product","link":"https:\/\/www.deporteseli.com\/?product=x-crazyfast-4-tf","title":{"rendered":"X CRAZYFAST.4 TF"},"content":{"rendered":"<p>Libera tu potencial con el calzado adidas X Crazyfast. La suela especializada de este calzado mantienen la velocidad en canchas de C\u00e9sped Artificial.    Presenta una parte superior textil revestida suave y resistente al desgaste que te permite controlar el bal\u00f3n y regatear a tus rivales a gran velocidad. La mediasuela de EVA y la leng\u00fceta perforada te brindan una pisada m\u00e1s c\u00f3moda.      Ajuste cl\u00e1sico  Sistema de amarre de cordones  Exterior textil revestido  Mediasuela de EVA  Forro interno textil  Suela de caucho con dise\u00f1o espec\u00edfico para canchas de pasto sint\u00e9tico  El exterior contiene al menos un 50 % de material reciclado  Color del art\u00edculo: Cloud White \/ Core Black \/ Lucid Lemon                                                                                                                                                                                                                                                                                                                                                                                                                                                                                                                                                                                                                                                                                                                                                                                                                                                                                                                                                                                                                                        <\/p>\n","protected":false},"excerpt":{"rendered":"<p>X CRAZYFAST.4 TF<\/p>\n","protected":false},"featured_media":53755,"template":"","meta":[],"product_brand":[],"product_cat":[318],"product_tag":[18],"class_list":{"0":"post-39633","1":"product","2":"type-product","3":"status-publish","4":"has-post-thumbnail","6":"product_cat-deportes_futbol_botas","7":"product_tag-adidas","8":"pa_color-unico","9":"pa_talla-149","10":"pa_talla-153","11":"pa_talla-42-5","12":"pa_talla-161","13":"thunk-woo-product-list","14":"opn-qv-enable","15":"open-woo-hover-","16":"open-single-product-tab-horizontal","17":"open-shadow-","18":"open-shadow-hover-","20":"first","21":"instock","22":"sale","23":"shipping-taxable","24":"purchasable","25":"product-type-variable"},"jetpack_sharing_enabled":true,"_links":{"self":[{"href":"https:\/\/www.deporteseli.com\/index.php?rest_route=\/wp\/v2\/product\/39633","targetHints":{"allow":["GET"]}}],"collection":[{"href":"https:\/\/www.deporteseli.com\/index.php?rest_route=\/wp\/v2\/product"}],"about":[{"href":"https:\/\/www.deporteseli.com\/index.php?rest_route=\/wp\/v2\/types\/product"}],"wp:featuredmedia":[{"embeddable":true,"href":"https:\/\/www.deporteseli.com\/index.php?rest_route=\/wp\/v2\/media\/53755"}],"wp:attachment":[{"href":"https:\/\/www.deporteseli.com\/index.php?rest_route=%2Fwp%2Fv2%2Fmedia&parent=39633"}],"wp:term":[{"taxonomy":"product_brand","embeddable":true,"href":"https:\/\/www.deporteseli.com\/index.php?rest_route=%2Fwp%2Fv2%2Fproduct_brand&post=39633"},{"taxonomy":"product_cat","embeddable":true,"href":"https:\/\/www.deporteseli.com\/index.php?rest_route=%2Fwp%2Fv2%2Fproduct_cat&post=39633"},{"taxonomy":"product_tag","embeddable":true,"href":"https:\/\/www.deporteseli.com\/index.php?rest_route=%2Fwp%2Fv2%2Fproduct_tag&post=39633"}],"curies":[{"name":"wp","href":"https:\/\/api.w.org\/{rel}","templated":true}]}}