{"id":39625,"date":"2026-01-27T18:35:52","date_gmt":"2026-01-27T18:35:52","guid":{"rendered":"https:\/\/www.deporteseli.com\/?product=botas-joma-maxima-2303"},"modified":"2026-01-27T18:35:56","modified_gmt":"2026-01-27T18:35:56","slug":"botas-joma-maxima-2303","status":"publish","type":"product","link":"https:\/\/www.deporteseli.com\/?product=botas-joma-maxima-2303","title":{"rendered":"BOTAS JOMA MAXIMA 2303"},"content":{"rendered":"<p>Zapatillas de f\u00fatbol sala para adultos. Deja atr\u00e1s a tus rivales en un abrir y cerrar de ojos. Este modelo est\u00e1 elaborado con materiales resistentes que lo hacen apto para cualquier terreno de juego.    El corte est\u00e1 fabricado en material sint\u00e9tico de gran calidad y textil, que incorpora unas peque\u00f1as perforaciones en puntos estrat\u00e9gicos de la zapatilla que favorecen la ventilaci\u00f3n del sudor. Incluye un refuerzo en la puntera para protegerla de un desgaste excesivo y para darle m\u00e1s precisi\u00f3n y potencia al golpeo del bal\u00f3n.  Corte de piel sint\u00e9tica  Suela de caucho con tecnolog\u00edas DURABILITY y ROTATION  Refuerzo en puntera  Leng\u00fceta ligera                                                                                                                                                                                                                                                                                                                                                                                                                                                                                                                                                                                                                                                                                                                                                                                                                                                                                                                                                                                                                                        <\/p>\n","protected":false},"excerpt":{"rendered":"<p>BOTAS JOMA MAXIMA 2303<\/p>\n","protected":false},"featured_media":53752,"template":"","meta":[],"product_brand":[],"product_cat":[323],"product_tag":[31],"class_list":{"0":"post-39625","1":"product","2":"type-product","3":"status-publish","4":"has-post-thumbnail","6":"product_cat-deportes_futbol_botas_sala","7":"product_tag-joma","8":"pa_color-unico","9":"pa_talla-147","10":"pa_talla-159","11":"pa_talla-161","12":"thunk-woo-product-list","13":"opn-qv-enable","14":"open-woo-hover-","15":"open-single-product-tab-horizontal","16":"open-shadow-","17":"open-shadow-hover-","19":"first","20":"instock","21":"sale","22":"shipping-taxable","23":"purchasable","24":"product-type-variable"},"jetpack_sharing_enabled":true,"_links":{"self":[{"href":"https:\/\/www.deporteseli.com\/index.php?rest_route=\/wp\/v2\/product\/39625","targetHints":{"allow":["GET"]}}],"collection":[{"href":"https:\/\/www.deporteseli.com\/index.php?rest_route=\/wp\/v2\/product"}],"about":[{"href":"https:\/\/www.deporteseli.com\/index.php?rest_route=\/wp\/v2\/types\/product"}],"wp:featuredmedia":[{"embeddable":true,"href":"https:\/\/www.deporteseli.com\/index.php?rest_route=\/wp\/v2\/media\/53752"}],"wp:attachment":[{"href":"https:\/\/www.deporteseli.com\/index.php?rest_route=%2Fwp%2Fv2%2Fmedia&parent=39625"}],"wp:term":[{"taxonomy":"product_brand","embeddable":true,"href":"https:\/\/www.deporteseli.com\/index.php?rest_route=%2Fwp%2Fv2%2Fproduct_brand&post=39625"},{"taxonomy":"product_cat","embeddable":true,"href":"https:\/\/www.deporteseli.com\/index.php?rest_route=%2Fwp%2Fv2%2Fproduct_cat&post=39625"},{"taxonomy":"product_tag","embeddable":true,"href":"https:\/\/www.deporteseli.com\/index.php?rest_route=%2Fwp%2Fv2%2Fproduct_tag&post=39625"}],"curies":[{"name":"wp","href":"https:\/\/api.w.org\/{rel}","templated":true}]}}