{"id":39591,"date":"2026-01-27T18:35:11","date_gmt":"2026-01-27T18:35:11","guid":{"rendered":"https:\/\/www.deporteseli.com\/?product=camiseta-train-essentials"},"modified":"2026-03-07T05:35:05","modified_gmt":"2026-03-07T05:35:05","slug":"camiseta-train-essentials","status":"publish","type":"product","link":"https:\/\/www.deporteseli.com\/?product=camiseta-train-essentials","title":{"rendered":"CAMISETA TRAIN ESSENTIALS"},"content":{"rendered":"<p>MAXIMIZA TU ENTRENAMIENTO  \u00bfTe espera un entrenamiento dif\u00edcil? No hay problema. Esta camiseta adidas para j\u00f3venes deportistas te permite afrontar cualquier reto. El tejido transpirable AEROREADY mantiene la piel seca de la primera a la \u00faltima repetici\u00f3n.    Este producto se ha fabricado con un 100% de material reciclado. Su objetivo es plantear otra soluci\u00f3n m\u00e1s que ayude a eliminar los residuos pl\u00e1sticos.  Corte cl\u00e1sico  Cuello redondo  Interlock 100% poli\u00e9ster reciclado  Tacto seco  AEROREADY  Tejido transpirable  Color del art\u00edculo: White \/ Black  N\u00famero de art\u00edculo: HS1609                                                                                                                                                                                                                                                                                                                                                                                                                                                                                                                                                                                                                                                                                                                                                                                                                                                                                                                                                                                                                                        <\/p>\n","protected":false},"excerpt":{"rendered":"<p>CAMISETA TRAIN ESSENTIALS<\/p>\n","protected":false},"featured_media":53731,"template":"","meta":[],"product_brand":[],"product_cat":[296],"product_tag":[18],"class_list":{"0":"post-39591","1":"product","2":"type-product","3":"status-publish","4":"has-post-thumbnail","6":"product_cat-nino_textil_camisetas","7":"product_tag-adidas","8":"pa_color-unico","9":"pa_talla-t-10","10":"pa_talla-t-16","11":"thunk-woo-product-list","12":"opn-qv-enable","13":"open-woo-hover-","14":"open-single-product-tab-horizontal","15":"open-shadow-","16":"open-shadow-hover-","18":"first","19":"instock","20":"shipping-taxable","21":"purchasable","22":"product-type-variable"},"jetpack_sharing_enabled":true,"_links":{"self":[{"href":"https:\/\/www.deporteseli.com\/index.php?rest_route=\/wp\/v2\/product\/39591","targetHints":{"allow":["GET"]}}],"collection":[{"href":"https:\/\/www.deporteseli.com\/index.php?rest_route=\/wp\/v2\/product"}],"about":[{"href":"https:\/\/www.deporteseli.com\/index.php?rest_route=\/wp\/v2\/types\/product"}],"wp:featuredmedia":[{"embeddable":true,"href":"https:\/\/www.deporteseli.com\/index.php?rest_route=\/wp\/v2\/media\/53731"}],"wp:attachment":[{"href":"https:\/\/www.deporteseli.com\/index.php?rest_route=%2Fwp%2Fv2%2Fmedia&parent=39591"}],"wp:term":[{"taxonomy":"product_brand","embeddable":true,"href":"https:\/\/www.deporteseli.com\/index.php?rest_route=%2Fwp%2Fv2%2Fproduct_brand&post=39591"},{"taxonomy":"product_cat","embeddable":true,"href":"https:\/\/www.deporteseli.com\/index.php?rest_route=%2Fwp%2Fv2%2Fproduct_cat&post=39591"},{"taxonomy":"product_tag","embeddable":true,"href":"https:\/\/www.deporteseli.com\/index.php?rest_route=%2Fwp%2Fv2%2Fproduct_tag&post=39591"}],"curies":[{"name":"wp","href":"https:\/\/api.w.org\/{rel}","templated":true}]}}