{"id":39582,"date":"2026-01-27T18:35:01","date_gmt":"2026-01-27T18:35:01","guid":{"rendered":"https:\/\/www.deporteseli.com\/?product=tenis-j-smith-wiler"},"modified":"2026-01-27T18:35:03","modified_gmt":"2026-01-27T18:35:03","slug":"tenis-j-smith-wiler","status":"publish","type":"product","link":"https:\/\/www.deporteseli.com\/?product=tenis-j-smith-wiler","title":{"rendered":"TENIS J. SMITH WILER"},"content":{"rendered":"<p>Nuevo concepto en nuestra colecci\u00f3n, zapatilla concebida para ser usada en entornos laborales, si bien, nos permitir\u00eda su uso en nuestros paseos cotidianos. Se trata de una zapatilla c\u00f3moda, reforzada en ese aspecto por la plantilla MEMORY FOAM. El material sint\u00e9tico de la zapatilla nos proporciona una protecci\u00f3n extra. Por otro lado, hay que destacar la suela goma con planta antideslizante, tanto el dise\u00f1o de la misma como su composici\u00f3n, garantizan el agarre y constituyen una barrera al deslizamiento. Cumple el standard de antideslizamiento ISO 13287: 2012.    Tecnolog\u00edas:    Phylon Cushion: mediasuela de phylon con m\u00e1ximo poder de absorci\u00f3n, reduce los impactos sobre las articulaciones.    Guidance line: grietas de flexibilidad en la suela que proporcionan mayor estabilidad y eficiencia en la pisada.    California lasting: planta cosida y unida directamente a la mediasuela, proporcionando mayor estabilidad y comodidad.    Memory Foam: Plantilla de \u00abefecto recuerdo\u00bb.    Slip sole resistant: suela especial antideslizante que cumple el standard internacional ISO 13287: 2012 de resistencia al deslizamiento.                                                                                                                                                                                                                                                                                                                                                                                                                                                                                                                                                                                                                                                                                                                                                                                                                                                                                                                                                                                                                                        <\/p>\n","protected":false},"excerpt":{"rendered":"<p>TENIS J. SMITH WILER<\/p>\n","protected":false},"featured_media":53723,"template":"","meta":[],"product_brand":[],"product_cat":[262],"product_tag":[43],"class_list":{"0":"post-39582","1":"product","2":"type-product","3":"status-publish","4":"has-post-thumbnail","6":"product_cat-hombre_calzado_paseo","7":"product_tag-jhon_smith","8":"pa_color-unico","9":"pa_talla-151","10":"pa_talla-155","11":"thunk-woo-product-list","12":"opn-qv-enable","13":"open-woo-hover-","14":"open-single-product-tab-horizontal","15":"open-shadow-","16":"open-shadow-hover-","18":"first","19":"instock","20":"sale","21":"shipping-taxable","22":"purchasable","23":"product-type-variable"},"jetpack_sharing_enabled":true,"_links":{"self":[{"href":"https:\/\/www.deporteseli.com\/index.php?rest_route=\/wp\/v2\/product\/39582","targetHints":{"allow":["GET"]}}],"collection":[{"href":"https:\/\/www.deporteseli.com\/index.php?rest_route=\/wp\/v2\/product"}],"about":[{"href":"https:\/\/www.deporteseli.com\/index.php?rest_route=\/wp\/v2\/types\/product"}],"wp:featuredmedia":[{"embeddable":true,"href":"https:\/\/www.deporteseli.com\/index.php?rest_route=\/wp\/v2\/media\/53723"}],"wp:attachment":[{"href":"https:\/\/www.deporteseli.com\/index.php?rest_route=%2Fwp%2Fv2%2Fmedia&parent=39582"}],"wp:term":[{"taxonomy":"product_brand","embeddable":true,"href":"https:\/\/www.deporteseli.com\/index.php?rest_route=%2Fwp%2Fv2%2Fproduct_brand&post=39582"},{"taxonomy":"product_cat","embeddable":true,"href":"https:\/\/www.deporteseli.com\/index.php?rest_route=%2Fwp%2Fv2%2Fproduct_cat&post=39582"},{"taxonomy":"product_tag","embeddable":true,"href":"https:\/\/www.deporteseli.com\/index.php?rest_route=%2Fwp%2Fv2%2Fproduct_tag&post=39582"}],"curies":[{"name":"wp","href":"https:\/\/api.w.org\/{rel}","templated":true}]}}