{"id":39566,"date":"2026-01-27T18:34:42","date_gmt":"2026-01-27T18:34:42","guid":{"rendered":"https:\/\/www.deporteseli.com\/?product=pantalon-corto-hombre-reebok"},"modified":"2026-03-07T05:34:48","modified_gmt":"2026-03-07T05:34:48","slug":"pantalon-corto-hombre-reebok","status":"publish","type":"product","link":"https:\/\/www.deporteseli.com\/?product=pantalon-corto-hombre-reebok","title":{"rendered":"PANTAL\u00f3N CORTO HOMBRE REEBOK"},"content":{"rendered":"<p> Modernos pantalones cortos para correr con el logo Reebok impreso  \u2022 Bolsillos delanteros  \u2022 Soporte el\u00e1stico y cord\u00f3n    TALLA Y CORTE    Corte regular  Este producto calza normal  Elige tu talla habitual  Altura del modelo: 1m81  El modelo mostrado es una talla M    COMPOSICI\u00d3N Y CUIDADO    70% Algod\u00f3n 30% Poli\u00e9ster Reciclado                                                                                                                                                                                                                                                                                                                                                                                                                                                                                                                                                                                                                                                                                                                                                                                                                                                                                                                                                                                                                                        <\/p>\n","protected":false},"excerpt":{"rendered":"<p>PANTAL\u00f3N CORTO HOMBRE REEBOK<\/p>\n","protected":false},"featured_media":53707,"template":"","meta":[],"product_brand":[],"product_cat":[250],"product_tag":[41],"class_list":{"0":"post-39566","1":"product","2":"type-product","3":"status-publish","4":"has-post-thumbnail","6":"product_cat-hombre_textil_bermudas","7":"product_tag-reebok","8":"pa_color-unico","9":"pa_talla-xl","10":"thunk-woo-product-list","11":"opn-qv-enable","12":"open-woo-hover-","13":"open-single-product-tab-horizontal","14":"open-shadow-","15":"open-shadow-hover-","17":"first","18":"instock","19":"shipping-taxable","20":"purchasable","21":"product-type-variable"},"jetpack_sharing_enabled":true,"_links":{"self":[{"href":"https:\/\/www.deporteseli.com\/index.php?rest_route=\/wp\/v2\/product\/39566","targetHints":{"allow":["GET"]}}],"collection":[{"href":"https:\/\/www.deporteseli.com\/index.php?rest_route=\/wp\/v2\/product"}],"about":[{"href":"https:\/\/www.deporteseli.com\/index.php?rest_route=\/wp\/v2\/types\/product"}],"wp:featuredmedia":[{"embeddable":true,"href":"https:\/\/www.deporteseli.com\/index.php?rest_route=\/wp\/v2\/media\/53707"}],"wp:attachment":[{"href":"https:\/\/www.deporteseli.com\/index.php?rest_route=%2Fwp%2Fv2%2Fmedia&parent=39566"}],"wp:term":[{"taxonomy":"product_brand","embeddable":true,"href":"https:\/\/www.deporteseli.com\/index.php?rest_route=%2Fwp%2Fv2%2Fproduct_brand&post=39566"},{"taxonomy":"product_cat","embeddable":true,"href":"https:\/\/www.deporteseli.com\/index.php?rest_route=%2Fwp%2Fv2%2Fproduct_cat&post=39566"},{"taxonomy":"product_tag","embeddable":true,"href":"https:\/\/www.deporteseli.com\/index.php?rest_route=%2Fwp%2Fv2%2Fproduct_tag&post=39566"}],"curies":[{"name":"wp","href":"https:\/\/api.w.org\/{rel}","templated":true}]}}