{"id":39510,"date":"2026-01-27T18:33:32","date_gmt":"2026-01-27T18:33:32","guid":{"rendered":"https:\/\/www.deporteseli.com\/?product=nike-dri-fit-club"},"modified":"2026-04-01T04:17:36","modified_gmt":"2026-04-01T04:17:36","slug":"nike-dri-fit-club","status":"publish","type":"product","link":"https:\/\/www.deporteseli.com\/?product=nike-dri-fit-club","title":{"rendered":"NIKE DRI-FIT CLUB"},"content":{"rendered":"<p>Tapa sin estructura met\u00e1lica Nike Dri-FIT Club Swoosh  Intensifica tu juego Swoosh con esta gorra Club desestructurada de profundidad media. Su visera curvada y el logotipo met\u00e1lico del Swoosh dan a tu look un acabado limpio, mientras que el tejido que absorbe el sudor te ayuda a mantenerte fresco y c\u00f3modo mientras aprovechas al m\u00e1ximo el clima c\u00e1lido y soleado.    Las gorras Club tienen un estilo vers\u00e1til con una altura media.  Nike La tecnolog\u00eda Dri-FIT aleja el sudor de tu piel para una mejor evaporaci\u00f3n rapide, ayud\u00e1ndote a mantenerte seco y c\u00f3modo.  El tejido de sarga es ligero y suave al tacto.  El cierre met\u00e1lico Swoosh facilita el ajuste.                                                                                                                                                                                                                                                                                                                                                                                                                                                                                                                                                                                                                                                                                                                                                                                                                                                                                                                                                                                                                                        <\/p>\n","protected":false},"excerpt":{"rendered":"<p>NIKE DRI-FIT CLUB<\/p>\n","protected":false},"featured_media":53678,"template":"","meta":[],"product_brand":[],"product_cat":[399],"product_tag":[37],"class_list":{"0":"post-39510","1":"product","2":"type-product","3":"status-publish","4":"has-post-thumbnail","6":"product_cat-accesorios_gorras","7":"product_tag-nike","8":"pa_color-unico","9":"pa_talla-l","10":"thunk-woo-product-list","11":"opn-qv-enable","12":"open-woo-hover-","13":"open-single-product-tab-horizontal","14":"open-shadow-","15":"open-shadow-hover-","17":"first","18":"instock","19":"shipping-taxable","20":"purchasable","21":"product-type-variable"},"jetpack_sharing_enabled":true,"_links":{"self":[{"href":"https:\/\/www.deporteseli.com\/index.php?rest_route=\/wp\/v2\/product\/39510","targetHints":{"allow":["GET"]}}],"collection":[{"href":"https:\/\/www.deporteseli.com\/index.php?rest_route=\/wp\/v2\/product"}],"about":[{"href":"https:\/\/www.deporteseli.com\/index.php?rest_route=\/wp\/v2\/types\/product"}],"wp:featuredmedia":[{"embeddable":true,"href":"https:\/\/www.deporteseli.com\/index.php?rest_route=\/wp\/v2\/media\/53678"}],"wp:attachment":[{"href":"https:\/\/www.deporteseli.com\/index.php?rest_route=%2Fwp%2Fv2%2Fmedia&parent=39510"}],"wp:term":[{"taxonomy":"product_brand","embeddable":true,"href":"https:\/\/www.deporteseli.com\/index.php?rest_route=%2Fwp%2Fv2%2Fproduct_brand&post=39510"},{"taxonomy":"product_cat","embeddable":true,"href":"https:\/\/www.deporteseli.com\/index.php?rest_route=%2Fwp%2Fv2%2Fproduct_cat&post=39510"},{"taxonomy":"product_tag","embeddable":true,"href":"https:\/\/www.deporteseli.com\/index.php?rest_route=%2Fwp%2Fv2%2Fproduct_tag&post=39510"}],"curies":[{"name":"wp","href":"https:\/\/api.w.org\/{rel}","templated":true}]}}