{"id":39435,"date":"2026-01-27T18:31:56","date_gmt":"2026-01-27T18:31:56","guid":{"rendered":"https:\/\/www.deporteseli.com\/?product=nike-pitch"},"modified":"2026-01-27T18:31:57","modified_gmt":"2026-01-27T18:31:57","slug":"nike-pitch","status":"publish","type":"product","link":"https:\/\/www.deporteseli.com\/?product=nike-pitch","title":{"rendered":"NIKE PITCH"},"content":{"rendered":"<p>  Dise\u00f1ado para las primeras sesiones de entrenamiento y para mejorar el juego de pies, el bal\u00f3n de f\u00fatbol Nike Pitch se adapta a tu juego. El dise\u00f1o de 12 paneles y la cubierta duradera ayudan a mantener una forma y una durabilidad uniformes tras muchos entrenamientos.      Ventajas    Exterior cosido a m\u00e1quina para optimizar la forma, el ajuste y la durabilidad.  C\u00e1mara de aire de goma para mantener la presi\u00f3n del aire y la forma.    Detalles del producto    60 % goma\/15 % poliuretano (PU)\/13 % poli\u00e9ster \/12 % etilvinilacetato (EVA)  De importaci\u00f3n  Color mostrado: Blanco\/Negro\/Carmes\u00ed brillante  Modelo: FB2978-100                                                                                                                                                                                                                                                                                                                                                                                                                                                                                                                                                                                                                                                                                                                                                                                                                                                                                                                                                                                                                                        <\/p>\n","protected":false},"excerpt":{"rendered":"<p>NIKE PITCH<\/p>\n","protected":false},"featured_media":53640,"template":"","meta":[],"product_brand":[],"product_cat":[347],"product_tag":[37],"class_list":{"0":"post-39435","1":"product","2":"type-product","3":"status-publish","4":"has-post-thumbnail","6":"product_cat-deportes_balones","7":"product_tag-nike","8":"pa_color-unico","9":"pa_talla-169","10":"thunk-woo-product-list","11":"opn-qv-enable","12":"open-woo-hover-","13":"open-single-product-tab-horizontal","14":"open-shadow-","15":"open-shadow-hover-","17":"first","18":"instock","19":"shipping-taxable","20":"purchasable","21":"product-type-variable"},"jetpack_sharing_enabled":true,"_links":{"self":[{"href":"https:\/\/www.deporteseli.com\/index.php?rest_route=\/wp\/v2\/product\/39435","targetHints":{"allow":["GET"]}}],"collection":[{"href":"https:\/\/www.deporteseli.com\/index.php?rest_route=\/wp\/v2\/product"}],"about":[{"href":"https:\/\/www.deporteseli.com\/index.php?rest_route=\/wp\/v2\/types\/product"}],"wp:featuredmedia":[{"embeddable":true,"href":"https:\/\/www.deporteseli.com\/index.php?rest_route=\/wp\/v2\/media\/53640"}],"wp:attachment":[{"href":"https:\/\/www.deporteseli.com\/index.php?rest_route=%2Fwp%2Fv2%2Fmedia&parent=39435"}],"wp:term":[{"taxonomy":"product_brand","embeddable":true,"href":"https:\/\/www.deporteseli.com\/index.php?rest_route=%2Fwp%2Fv2%2Fproduct_brand&post=39435"},{"taxonomy":"product_cat","embeddable":true,"href":"https:\/\/www.deporteseli.com\/index.php?rest_route=%2Fwp%2Fv2%2Fproduct_cat&post=39435"},{"taxonomy":"product_tag","embeddable":true,"href":"https:\/\/www.deporteseli.com\/index.php?rest_route=%2Fwp%2Fv2%2Fproduct_tag&post=39435"}],"curies":[{"name":"wp","href":"https:\/\/api.w.org\/{rel}","templated":true}]}}