{"id":39425,"date":"2026-01-27T18:31:43","date_gmt":"2026-01-27T18:31:43","guid":{"rendered":"https:\/\/www.deporteseli.com\/?product=zapatillas-vs-switch-3-lifestyle-para-correr"},"modified":"2026-01-27T18:31:45","modified_gmt":"2026-01-27T18:31:45","slug":"zapatillas-vs-switch-3-lifestyle-para-correr","status":"publish","type":"product","link":"https:\/\/www.deporteseli.com\/?product=zapatillas-vs-switch-3-lifestyle-para-correr","title":{"rendered":"ZAPATILLAS VS SWITCH 3 LIFESTYLE PARA CORRER"},"content":{"rendered":"<p>ZAPATILLAS VS SWITCH 3 LIFESTYLE PARA CORRER CON CORDONES  DEPORTIVAS ROBUSTAS DE ASPECTO CL\u00c1SICO, FABRICADAS EN PARTE CON MATERIAL RECICLADO.  Juego desordenado, deportes embarrados y caminatas invernales a la escuela. Estos tenis adidas para ni\u00f1os han sido confeccionados con una parte superior sint\u00e9tica duradera que resiste todos los momentos memorables. Tienen el aspecto de las cl\u00e1sicas zapatillas de correr con cordones, actualizadas con algunos detalles de dise\u00f1o frescos. Y la suela exterior de goma es flexible y adherente, para que los ni\u00f1os puedan concentrarse en lo que les gusta hacer, sin importar el clima. Fabricado en parte con contenido reciclado generado a partir de desechos de producci\u00f3n, por ejemplo, recortes y desechos dom\u00e9sticos posconsumo para evitar el mayor impacto ambiental de producir contenido virgen. El 25 % de los componentes utilizados para hacer la parte superior se fabrican con un m\u00ednimo del 50 % de contenido reciclado.                                                                                                                                                                                                                                                                                                                                                                                                                                                                                                                                                                                                                                                                                                                                                                                                                                                                                                                                                                                                                                        <\/p>\n","protected":false},"excerpt":{"rendered":"<p>ZAPATILLAS VS SWITCH 3 LIFESTYLE PARA CORRER<\/p>\n","protected":false},"featured_media":53628,"template":"","meta":[],"product_brand":[],"product_cat":[310],"product_tag":[18],"class_list":{"0":"post-39425","1":"product","2":"type-product","3":"status-publish","4":"has-post-thumbnail","6":"product_cat-nino_calzado_casual","7":"product_tag-adidas","8":"pa_color-unico","9":"pa_talla-38-5","10":"thunk-woo-product-list","11":"opn-qv-enable","12":"open-woo-hover-","13":"open-single-product-tab-horizontal","14":"open-shadow-","15":"open-shadow-hover-","17":"first","18":"instock","19":"sale","20":"shipping-taxable","21":"purchasable","22":"product-type-variable"},"jetpack_sharing_enabled":true,"_links":{"self":[{"href":"https:\/\/www.deporteseli.com\/index.php?rest_route=\/wp\/v2\/product\/39425","targetHints":{"allow":["GET"]}}],"collection":[{"href":"https:\/\/www.deporteseli.com\/index.php?rest_route=\/wp\/v2\/product"}],"about":[{"href":"https:\/\/www.deporteseli.com\/index.php?rest_route=\/wp\/v2\/types\/product"}],"wp:featuredmedia":[{"embeddable":true,"href":"https:\/\/www.deporteseli.com\/index.php?rest_route=\/wp\/v2\/media\/53628"}],"wp:attachment":[{"href":"https:\/\/www.deporteseli.com\/index.php?rest_route=%2Fwp%2Fv2%2Fmedia&parent=39425"}],"wp:term":[{"taxonomy":"product_brand","embeddable":true,"href":"https:\/\/www.deporteseli.com\/index.php?rest_route=%2Fwp%2Fv2%2Fproduct_brand&post=39425"},{"taxonomy":"product_cat","embeddable":true,"href":"https:\/\/www.deporteseli.com\/index.php?rest_route=%2Fwp%2Fv2%2Fproduct_cat&post=39425"},{"taxonomy":"product_tag","embeddable":true,"href":"https:\/\/www.deporteseli.com\/index.php?rest_route=%2Fwp%2Fv2%2Fproduct_tag&post=39425"}],"curies":[{"name":"wp","href":"https:\/\/api.w.org\/{rel}","templated":true}]}}