{"id":39385,"date":"2026-01-27T18:30:29","date_gmt":"2026-01-27T18:30:29","guid":{"rendered":"https:\/\/www.deporteseli.com\/?product=conjunto-de-sudadera-y-legging"},"modified":"2026-03-07T05:33:02","modified_gmt":"2026-03-07T05:33:02","slug":"conjunto-de-sudadera-y-legging","status":"publish","type":"product","link":"https:\/\/www.deporteseli.com\/?product=conjunto-de-sudadera-y-legging","title":{"rendered":"CONJUNTO DE SUDADERA Y LEGGING"},"content":{"rendered":"<p>Conjunto de sudadera y legging polar para ni\u00f1a adidas Colorblock Tiberio  Un suave conjunto legging fabricado con una mezcla de materiales reciclados y renovables.    Deportivo, suave y f\u00e1cil de llevar. Este conjunto para ni\u00f1os legging adidas es perfecto para los j\u00f3venes atletas. Confeccionado en algod\u00f3n el\u00e1stico con un corte entallado, ofrece a las ni\u00f1as una gran libertad de movimientos, tanto si est\u00e1n dando patadas a un bal\u00f3n como si se acurrucan en el sof\u00e1. Est\u00e1 hecho de forro polar para mayor comodidad. Su colorido dise\u00f1o es f\u00e1cil de combinar con todos sus conjuntos favoritos. Este producto est\u00e1 fabricado en un 70% en minimum con una mezcla de materiales reciclados y renovables.    Corte est\u00e1ndar en la parte superior y corte entallado en la parte inferior.  Parte superior: dise\u00f1o con capucha.  Top: 70% algod\u00f3n, 30% forro polar de poli\u00e9ster reciclado.  Pantal\u00f3n: 93% algod\u00f3n, 7% elast\u00e1n jersey.  Pantal\u00f3n: cintura el\u00e1stica.                                                                                                                                                                                                                                                                                                                                                                                                                                                                                                                                                                                                                                                                                                                                                                                                                                                                                                                                                                                                                                        <\/p>\n","protected":false},"excerpt":{"rendered":"<p>CONJUNTO DE SUDADERA Y LEGGING<\/p>\n","protected":false},"featured_media":53598,"template":"","meta":[],"product_brand":[],"product_cat":[380],"product_tag":[18],"class_list":{"0":"post-39385","1":"product","2":"type-product","3":"status-publish","4":"has-post-thumbnail","6":"product_cat-ninas_textil_chandals","7":"product_tag-adidas","8":"pa_color-unico","9":"pa_talla-169","10":"pa_talla-t-4","11":"thunk-woo-product-list","12":"opn-qv-enable","13":"open-woo-hover-","14":"open-single-product-tab-horizontal","15":"open-shadow-","16":"open-shadow-hover-","18":"first","19":"instock","20":"shipping-taxable","21":"purchasable","22":"product-type-variable"},"jetpack_sharing_enabled":true,"_links":{"self":[{"href":"https:\/\/www.deporteseli.com\/index.php?rest_route=\/wp\/v2\/product\/39385","targetHints":{"allow":["GET"]}}],"collection":[{"href":"https:\/\/www.deporteseli.com\/index.php?rest_route=\/wp\/v2\/product"}],"about":[{"href":"https:\/\/www.deporteseli.com\/index.php?rest_route=\/wp\/v2\/types\/product"}],"wp:featuredmedia":[{"embeddable":true,"href":"https:\/\/www.deporteseli.com\/index.php?rest_route=\/wp\/v2\/media\/53598"}],"wp:attachment":[{"href":"https:\/\/www.deporteseli.com\/index.php?rest_route=%2Fwp%2Fv2%2Fmedia&parent=39385"}],"wp:term":[{"taxonomy":"product_brand","embeddable":true,"href":"https:\/\/www.deporteseli.com\/index.php?rest_route=%2Fwp%2Fv2%2Fproduct_brand&post=39385"},{"taxonomy":"product_cat","embeddable":true,"href":"https:\/\/www.deporteseli.com\/index.php?rest_route=%2Fwp%2Fv2%2Fproduct_cat&post=39385"},{"taxonomy":"product_tag","embeddable":true,"href":"https:\/\/www.deporteseli.com\/index.php?rest_route=%2Fwp%2Fv2%2Fproduct_tag&post=39385"}],"curies":[{"name":"wp","href":"https:\/\/api.w.org\/{rel}","templated":true}]}}