{"id":39330,"date":"2026-01-27T18:29:17","date_gmt":"2026-01-27T18:29:17","guid":{"rendered":"https:\/\/www.deporteseli.com\/?product=pelota-7-nike-everyday-playground"},"modified":"2026-03-28T05:18:58","modified_gmt":"2026-03-28T05:18:58","slug":"pelota-7-nike-everyday-playground","status":"publish","type":"product","link":"https:\/\/www.deporteseli.com\/?product=pelota-7-nike-everyday-playground","title":{"rendered":"PELOTA 7 NIKE EVERYDAY PLAYGROUND"},"content":{"rendered":"<p>Derrama estilo en la cancha  Deslumbra con tu talento en la duela con este bal\u00f3n Nike Everyday Playground Next Nature, dise\u00f1ado especialmente para darte el mejor soporte mientras dominas la duela.  Qu\u00e9 gran dise\u00f1o!    Anatom\u00eda del bal\u00f3n Nike Everyday Playground Next Nature  El dise\u00f1o de esta pelota para basket Nike cuenta con una construcci\u00f3n pensada para aportar mucho estilo y comodidad para tus entrenamientos, partido o retas. Dise\u00f1ada con materiales premium para un desempe\u00f1o \u00f3ptimo para un estilo fresco y casual.  Incluye un dise\u00f1o gr\u00e1fico tipo grafiti para aportar estilo y mucha diversi\u00f3n.    Caracter\u00edsticas  Este bal\u00f3n est\u00e1 hecho con 100% caucho ultra resistente y duradero.                                                                                                                                                                                                                                                                                                                                                                                                                                                                                                                                                                                                                                                                                                                                                                                                                                                                                                                                                                                                                                        <\/p>\n","protected":false},"excerpt":{"rendered":"<p>PELOTA 7 NIKE EVERYDAY PLAYGROUND<\/p>\n","protected":false},"featured_media":53553,"template":"","meta":[],"product_brand":[],"product_cat":[347],"product_tag":[37],"class_list":{"0":"post-39330","1":"product","2":"type-product","3":"status-publish","4":"has-post-thumbnail","6":"product_cat-deportes_balones","7":"product_tag-nike","8":"pa_color-unico","9":"pa_talla-169","10":"pa_talla-170","11":"pa_talla-171","12":"thunk-woo-product-list","13":"opn-qv-enable","14":"open-woo-hover-","15":"open-single-product-tab-horizontal","16":"open-shadow-","17":"open-shadow-hover-","19":"first","20":"instock","21":"shipping-taxable","22":"purchasable","23":"product-type-variable"},"jetpack_sharing_enabled":true,"_links":{"self":[{"href":"https:\/\/www.deporteseli.com\/index.php?rest_route=\/wp\/v2\/product\/39330","targetHints":{"allow":["GET"]}}],"collection":[{"href":"https:\/\/www.deporteseli.com\/index.php?rest_route=\/wp\/v2\/product"}],"about":[{"href":"https:\/\/www.deporteseli.com\/index.php?rest_route=\/wp\/v2\/types\/product"}],"wp:featuredmedia":[{"embeddable":true,"href":"https:\/\/www.deporteseli.com\/index.php?rest_route=\/wp\/v2\/media\/53553"}],"wp:attachment":[{"href":"https:\/\/www.deporteseli.com\/index.php?rest_route=%2Fwp%2Fv2%2Fmedia&parent=39330"}],"wp:term":[{"taxonomy":"product_brand","embeddable":true,"href":"https:\/\/www.deporteseli.com\/index.php?rest_route=%2Fwp%2Fv2%2Fproduct_brand&post=39330"},{"taxonomy":"product_cat","embeddable":true,"href":"https:\/\/www.deporteseli.com\/index.php?rest_route=%2Fwp%2Fv2%2Fproduct_cat&post=39330"},{"taxonomy":"product_tag","embeddable":true,"href":"https:\/\/www.deporteseli.com\/index.php?rest_route=%2Fwp%2Fv2%2Fproduct_tag&post=39330"}],"curies":[{"name":"wp","href":"https:\/\/api.w.org\/{rel}","templated":true}]}}