{"id":39268,"date":"2026-01-27T18:27:42","date_gmt":"2026-01-27T18:27:42","guid":{"rendered":"https:\/\/www.deporteseli.com\/?product=balon-puma-futsala"},"modified":"2026-01-27T18:27:43","modified_gmt":"2026-01-27T18:27:43","slug":"balon-puma-futsala","status":"publish","type":"product","link":"https:\/\/www.deporteseli.com\/?product=balon-puma-futsala","title":{"rendered":"BAL\u00f3N PUMA FUTSALA"},"content":{"rendered":"<p>Bal\u00f3n de f\u00fatbol sala para entrenar.    32 paneles est\u00e1n cosidos a m\u00e1quina. La superficie uniforme ayuda a retener la forma.    Vejiga llena de bajo rebote para un control \u00f3ptimo.    Nota: La mayor\u00eda de nuestras pelotas se env\u00edan desinfladas. Esto ayuda a mantener bajos nuestros costos de env\u00edo, ahorros que podemos transferirle a usted.                                                                                                                                                                                                                                                                                                                                                                                                                                                                                                                                                                                                                                                                                                                                                                                                                                                                                                                                                                                                                                        <\/p>\n","protected":false},"excerpt":{"rendered":"<p>BAL\u00f3N PUMA FUTSALA<\/p>\n","protected":false},"featured_media":53478,"template":"","meta":[],"product_brand":[],"product_cat":[347],"product_tag":[32],"class_list":{"0":"post-39268","1":"product","2":"type-product","3":"status-publish","4":"has-post-thumbnail","6":"product_cat-deportes_balones","7":"product_tag-puma","8":"pa_color-unico","9":"pa_talla-168","10":"thunk-woo-product-list","11":"opn-qv-enable","12":"open-woo-hover-","13":"open-single-product-tab-horizontal","14":"open-shadow-","15":"open-shadow-hover-","17":"first","18":"instock","19":"shipping-taxable","20":"purchasable","21":"product-type-variable"},"jetpack_sharing_enabled":true,"_links":{"self":[{"href":"https:\/\/www.deporteseli.com\/index.php?rest_route=\/wp\/v2\/product\/39268","targetHints":{"allow":["GET"]}}],"collection":[{"href":"https:\/\/www.deporteseli.com\/index.php?rest_route=\/wp\/v2\/product"}],"about":[{"href":"https:\/\/www.deporteseli.com\/index.php?rest_route=\/wp\/v2\/types\/product"}],"wp:featuredmedia":[{"embeddable":true,"href":"https:\/\/www.deporteseli.com\/index.php?rest_route=\/wp\/v2\/media\/53478"}],"wp:attachment":[{"href":"https:\/\/www.deporteseli.com\/index.php?rest_route=%2Fwp%2Fv2%2Fmedia&parent=39268"}],"wp:term":[{"taxonomy":"product_brand","embeddable":true,"href":"https:\/\/www.deporteseli.com\/index.php?rest_route=%2Fwp%2Fv2%2Fproduct_brand&post=39268"},{"taxonomy":"product_cat","embeddable":true,"href":"https:\/\/www.deporteseli.com\/index.php?rest_route=%2Fwp%2Fv2%2Fproduct_cat&post=39268"},{"taxonomy":"product_tag","embeddable":true,"href":"https:\/\/www.deporteseli.com\/index.php?rest_route=%2Fwp%2Fv2%2Fproduct_tag&post=39268"}],"curies":[{"name":"wp","href":"https:\/\/api.w.org\/{rel}","templated":true}]}}