{"id":39208,"date":"2026-01-27T18:26:26","date_gmt":"2026-01-27T18:26:26","guid":{"rendered":"https:\/\/www.deporteseli.com\/?product=adidas-predator-training"},"modified":"2026-01-27T18:26:28","modified_gmt":"2026-01-27T18:26:28","slug":"adidas-predator-training","status":"publish","type":"product","link":"https:\/\/www.deporteseli.com\/?product=adidas-predator-training","title":{"rendered":"ADIDAS PREDATOR TRAINING"},"content":{"rendered":"<p>\/H\/Y\/HY4075_guantes-de-portero-color-negro-adidas-predator-training_1_completa-dorso-mano-derecha.jpg  \u2022 Estos guantes forman parte de la colecci\u00f3n Nightstrike que ha lanzado adidas para el inicio del 2023.    \u2022 Sobrio dise\u00f1o en completo color negro.       \/H\/Y\/HY4075_guantes-portero-negros-adidas-predator-training_2_completa-palma-mano-izquierda.jpg  \u2022 L\u00e1tex adidas Soft Grip que ofrece un buen agarre y resistencia en cualquier condici\u00f3n meteorol\u00f3gica.       \/H\/Y\/HY4075_guantes-de-arquero-adidas-predator-training-color-negro_3_detalle-corte.jpg  \u2022 Corte positivo que proporciona un ajuste c\u00f3modo y holgado.       \/H\/Y\/HY4075_guantes-de-futbol-adidas-predator-training-negros_4_detalle-cierre-muneca.jpg  \u2022 Dorso fabricado en PU que ofrece un tacto suave.    \u2022 Mu\u00f1equera abierta para una f\u00e1cil colocaci\u00f3n del guante.    \u2022 Cinta de media vuelta con una tira de velcro para un ajuste c\u00f3modo.                                                                                                                                                                                                                                                                                                                                                                                                                                                                                                                                                                                                                                                                                                                                                                                                                                                                                                                                                                                                                                        <\/p>\n","protected":false},"excerpt":{"rendered":"<p>ADIDAS PREDATOR TRAINING<\/p>\n","protected":false},"featured_media":53407,"template":"","meta":[],"product_brand":[],"product_cat":[322],"product_tag":[18],"class_list":{"0":"post-39208","1":"product","2":"type-product","3":"status-publish","4":"has-post-thumbnail","6":"product_cat-deportes_futbol_guantes_portero","7":"product_tag-adidas","8":"pa_color-unico","9":"pa_talla-t-8","10":"thunk-woo-product-list","11":"opn-qv-enable","12":"open-woo-hover-","13":"open-single-product-tab-horizontal","14":"open-shadow-","15":"open-shadow-hover-","17":"first","18":"instock","19":"shipping-taxable","20":"purchasable","21":"product-type-variable"},"jetpack_sharing_enabled":true,"_links":{"self":[{"href":"https:\/\/www.deporteseli.com\/index.php?rest_route=\/wp\/v2\/product\/39208","targetHints":{"allow":["GET"]}}],"collection":[{"href":"https:\/\/www.deporteseli.com\/index.php?rest_route=\/wp\/v2\/product"}],"about":[{"href":"https:\/\/www.deporteseli.com\/index.php?rest_route=\/wp\/v2\/types\/product"}],"wp:featuredmedia":[{"embeddable":true,"href":"https:\/\/www.deporteseli.com\/index.php?rest_route=\/wp\/v2\/media\/53407"}],"wp:attachment":[{"href":"https:\/\/www.deporteseli.com\/index.php?rest_route=%2Fwp%2Fv2%2Fmedia&parent=39208"}],"wp:term":[{"taxonomy":"product_brand","embeddable":true,"href":"https:\/\/www.deporteseli.com\/index.php?rest_route=%2Fwp%2Fv2%2Fproduct_brand&post=39208"},{"taxonomy":"product_cat","embeddable":true,"href":"https:\/\/www.deporteseli.com\/index.php?rest_route=%2Fwp%2Fv2%2Fproduct_cat&post=39208"},{"taxonomy":"product_tag","embeddable":true,"href":"https:\/\/www.deporteseli.com\/index.php?rest_route=%2Fwp%2Fv2%2Fproduct_tag&post=39208"}],"curies":[{"name":"wp","href":"https:\/\/api.w.org\/{rel}","templated":true}]}}