{"id":39159,"date":"2026-01-27T18:25:24","date_gmt":"2026-01-27T18:25:24","guid":{"rendered":"https:\/\/www.deporteseli.com\/?product=mallas-adidas-x-farm-rio-7-8"},"modified":"2026-03-07T05:32:02","modified_gmt":"2026-03-07T05:32:02","slug":"mallas-adidas-x-farm-rio-7-8","status":"publish","type":"product","link":"https:\/\/www.deporteseli.com\/?product=mallas-adidas-x-farm-rio-7-8","title":{"rendered":"MALLAS ADIDAS X FARM RIO 7\/8"},"content":{"rendered":"<p>DESCRIPCI\u00d3N DEL PRODUCTO  MALLAS ADIDAS X FARM RIO 7\/8  MALLAS DE ENTRENAMIENTO ADIDAS X FARM RIO HECHAS EN PARTE CON MATERIALES RECICLADOS.  Las endorfinas fluyen y tu estilo est\u00e1 en llamas. Todo se trata de energ\u00eda y buenas vibraciones cuando haces ejercicio con estas mallas de entrenamiento adidas x FARM Rio. Es imposible no sentirse feliz en un brillante estampado tropical de personas movi\u00e9ndose por el mundo natural. AEROREADY te mantiene seco y c\u00f3modo mientras te estiras y bailas. Fabricado con una serie de materiales reciclados y al menos un 70 % de contenido reciclado, este producto representa solo una de nuestras soluciones para ayudar a acabar con los residuos pl\u00e1sticos.  DETALLES DE PRODUCTO  Ajuste apretado  Cintura el\u00e1stica de tiro alto  85 % poli\u00e9ster reciclado, 15 % elastano entrelazado  AEROLISTA  Power mesh en la cintura  Bolsillo para llaves en el interior de la cintura  siete octavos de longitud  Estampado GRANJA R\u00edo                                                                                                                                                                                                                                                                                                                                                                                                                                                                                                                                                                                                                                                                                                                                                                                                                                                                                                                                                                                                                                        <\/p>\n","protected":false},"excerpt":{"rendered":"<p>MALLAS ADIDAS X FARM RIO 7\/8<\/p>\n","protected":false},"featured_media":53352,"template":"","meta":[],"product_brand":[],"product_cat":[281],"product_tag":[18],"class_list":{"0":"post-39159","1":"product","2":"type-product","3":"status-publish","4":"has-post-thumbnail","6":"product_cat-mujer_textil_mallas","7":"product_tag-adidas","8":"pa_color-unico","9":"pa_talla-s","10":"thunk-woo-product-list","11":"opn-qv-enable","12":"open-woo-hover-","13":"open-single-product-tab-horizontal","14":"open-shadow-","15":"open-shadow-hover-","17":"first","18":"instock","19":"shipping-taxable","20":"purchasable","21":"product-type-variable"},"jetpack_sharing_enabled":true,"_links":{"self":[{"href":"https:\/\/www.deporteseli.com\/index.php?rest_route=\/wp\/v2\/product\/39159","targetHints":{"allow":["GET"]}}],"collection":[{"href":"https:\/\/www.deporteseli.com\/index.php?rest_route=\/wp\/v2\/product"}],"about":[{"href":"https:\/\/www.deporteseli.com\/index.php?rest_route=\/wp\/v2\/types\/product"}],"wp:featuredmedia":[{"embeddable":true,"href":"https:\/\/www.deporteseli.com\/index.php?rest_route=\/wp\/v2\/media\/53352"}],"wp:attachment":[{"href":"https:\/\/www.deporteseli.com\/index.php?rest_route=%2Fwp%2Fv2%2Fmedia&parent=39159"}],"wp:term":[{"taxonomy":"product_brand","embeddable":true,"href":"https:\/\/www.deporteseli.com\/index.php?rest_route=%2Fwp%2Fv2%2Fproduct_brand&post=39159"},{"taxonomy":"product_cat","embeddable":true,"href":"https:\/\/www.deporteseli.com\/index.php?rest_route=%2Fwp%2Fv2%2Fproduct_cat&post=39159"},{"taxonomy":"product_tag","embeddable":true,"href":"https:\/\/www.deporteseli.com\/index.php?rest_route=%2Fwp%2Fv2%2Fproduct_tag&post=39159"}],"curies":[{"name":"wp","href":"https:\/\/api.w.org\/{rel}","templated":true}]}}