{"id":39042,"date":"2026-01-27T18:22:40","date_gmt":"2026-01-27T18:22:40","guid":{"rendered":"https:\/\/www.deporteseli.com\/?product=raquetero-wilson-team-6-raquet-heather-2"},"modified":"2026-01-27T18:22:41","modified_gmt":"2026-01-27T18:22:41","slug":"raquetero-wilson-team-6-raquet-heather-2","status":"publish","type":"product","link":"https:\/\/www.deporteseli.com\/?product=raquetero-wilson-team-6-raquet-heather-2","title":{"rendered":"RAQUETERO WILSON TEAM 6 RAQUET HEATHER"},"content":{"rendered":"<p>Se trata de una traducci\u00f3n autom\u00e1tica por software:    El paquete de 3 equipos de Wilson es una gran bolsa para jugadores de club que necesitan espacio para dos o tres raquetas de tenis, una muda de ropa y algunas otras piezas de equipo. Adem\u00e1s del compartimento principal, hay un gran bolsillo exterior con cremallera perfecto para guardar pelotas, empu\u00f1aduras y refrigerios adicionales. Ll\u00e9valo desde las asas superiores o las correas acolchadas para los hombros.    Reflejos    Capacidad de la raqueta: 3  Compartimento(s) completo(s) de raqueta(s): Encierre completamente sus raquetas, equipo grande y otros equipos en el compartimiento.  Bolsillo grande para accesorios: espacio adicional para equipo, equipo y art\u00edculos personales proporcionado por un bolsillo grande.  Correas de transporte superiores sobre el hombro: ll\u00e9velo sobre el hombro o con un asa superior con dos opciones de correa.  Cierres con cierre: mantenga seco el contenido de su bolso y evite que sus pertenencias se derramen gracias a los cierres que se cierran entre s\u00ed.estas  Valoraciones  (3)  Wilson Team Pack de 3 Heather Grey Team  Se trata de una traducci\u00f3n autom\u00e1tica por software:    El paquete de 3 equipos de Wilson es una gran bolsa para jugadores de club que necesitan espacio para dos o tres raquetas de tenis, una muda de ropa y algunas otras piezas de equipo. Adem\u00e1s del compartimento principal, hay un gran bolsillo exterior con cremallera perfecto para guardar pelotas, empu\u00f1aduras y refrigerios adicionales. Ll\u00e9valo desde las asas superiores o las correas acolchadas para los hombros.    Reflejos    Capacidad de la raqueta: 3  Compartimento(s) completo(s) de raqueta(s): Encierre completamente sus raquetas, equipo grande y otros equipos en el compartimiento.  Bolsillo grande para accesorios: espacio adicional para equipo, equipo y art\u00edculos personales proporcionado por un bolsillo grande.  Correas de transporte superiores sobre el hombro: ll\u00e9velo sobre el hombro o con un asa superior con dos opciones de correa.  Cierres con cierre: mantenga seco el contenido de su bolso y evite que sus pertenencias se derramen gracias a los cierres que se cierran entre s\u00ed.                                                                                                                                                                                                                                                                                                                                                                                                                                                                                                                                                                                                                                                                                                                                                                                                                                                                                                                                                                                                                                        <\/p>\n","protected":false},"excerpt":{"rendered":"<p>RAQUETERO WILSON TEAM 6 RAQUET HEATHER<\/p>\n","protected":false},"featured_media":53313,"template":"","meta":[],"product_brand":[],"product_cat":[348],"product_tag":[57],"class_list":{"0":"post-39042","1":"product","2":"type-product","3":"status-publish","4":"has-post-thumbnail","6":"product_cat-deportes_tenis","7":"product_tag-wilson","8":"pa_color-unico","9":"pa_talla-unica","10":"thunk-woo-product-list","11":"opn-qv-enable","12":"open-woo-hover-","13":"open-single-product-tab-horizontal","14":"open-shadow-","15":"open-shadow-hover-","17":"first","18":"instock","19":"sale","20":"shipping-taxable","21":"purchasable","22":"product-type-variable"},"jetpack_sharing_enabled":true,"_links":{"self":[{"href":"https:\/\/www.deporteseli.com\/index.php?rest_route=\/wp\/v2\/product\/39042","targetHints":{"allow":["GET"]}}],"collection":[{"href":"https:\/\/www.deporteseli.com\/index.php?rest_route=\/wp\/v2\/product"}],"about":[{"href":"https:\/\/www.deporteseli.com\/index.php?rest_route=\/wp\/v2\/types\/product"}],"wp:featuredmedia":[{"embeddable":true,"href":"https:\/\/www.deporteseli.com\/index.php?rest_route=\/wp\/v2\/media\/53313"}],"wp:attachment":[{"href":"https:\/\/www.deporteseli.com\/index.php?rest_route=%2Fwp%2Fv2%2Fmedia&parent=39042"}],"wp:term":[{"taxonomy":"product_brand","embeddable":true,"href":"https:\/\/www.deporteseli.com\/index.php?rest_route=%2Fwp%2Fv2%2Fproduct_brand&post=39042"},{"taxonomy":"product_cat","embeddable":true,"href":"https:\/\/www.deporteseli.com\/index.php?rest_route=%2Fwp%2Fv2%2Fproduct_cat&post=39042"},{"taxonomy":"product_tag","embeddable":true,"href":"https:\/\/www.deporteseli.com\/index.php?rest_route=%2Fwp%2Fv2%2Fproduct_tag&post=39042"}],"curies":[{"name":"wp","href":"https:\/\/api.w.org\/{rel}","templated":true}]}}