{"id":39040,"date":"2026-01-27T18:22:37","date_gmt":"2026-01-27T18:22:37","guid":{"rendered":"https:\/\/www.deporteseli.com\/?product=raquetero-wilson-team-6-raquet-heather"},"modified":"2026-02-17T05:18:02","modified_gmt":"2026-02-17T05:18:02","slug":"raquetero-wilson-team-6-raquet-heather","status":"publish","type":"product","link":"https:\/\/www.deporteseli.com\/?product=raquetero-wilson-team-6-raquet-heather","title":{"rendered":"RAQUETERO WILSON TEAM 6 RAQUET HEATHER"},"content":{"rendered":"<p>El bolso de tenis Wilson&#8217;s Team 3-Pack es un gran bolso para los jugadores de club que necesitan espacio para dos o tres raquetas de tenis, una muda de ropa y algunas otras piezas de equipo. Adem\u00e1s del compartimento principal, hay un gran bolsillo exterior con cremallera perfecto para guardar pelotas, empu\u00f1aduras y refrigerios adicionales. Ll\u00e9valo desde las asas superiores o las correas acolchadas para los hombros.    Caracter\u00edsticas:    Dimensiones: 30in x 4in x 13in \/ 76cm x 10cm x 33cm  Materiales: 100% poli\u00e9ster  Capacidad de la raqueta: 3                                                                                                                                                                                                                                                                                                                                                                                                                                                                                                                                                                                                                                                                                                                                                                                                                                                                                                                                                                                                                                        <\/p>\n","protected":false},"excerpt":{"rendered":"<p>RAQUETERO WILSON TEAM 6 RAQUET HEATHER<\/p>\n","protected":false},"featured_media":53311,"template":"","meta":[],"product_brand":[],"product_cat":[348],"product_tag":[57],"class_list":{"0":"post-39040","1":"product","2":"type-product","3":"status-publish","4":"has-post-thumbnail","6":"product_cat-deportes_tenis","7":"product_tag-wilson","8":"pa_color-unico","9":"pa_talla-unica","10":"thunk-woo-product-list","11":"opn-qv-enable","12":"open-woo-hover-","13":"open-single-product-tab-horizontal","14":"open-shadow-","15":"open-shadow-hover-","17":"first","18":"instock","19":"sale","20":"shipping-taxable","21":"purchasable","22":"product-type-variable"},"jetpack_sharing_enabled":true,"_links":{"self":[{"href":"https:\/\/www.deporteseli.com\/index.php?rest_route=\/wp\/v2\/product\/39040","targetHints":{"allow":["GET"]}}],"collection":[{"href":"https:\/\/www.deporteseli.com\/index.php?rest_route=\/wp\/v2\/product"}],"about":[{"href":"https:\/\/www.deporteseli.com\/index.php?rest_route=\/wp\/v2\/types\/product"}],"wp:featuredmedia":[{"embeddable":true,"href":"https:\/\/www.deporteseli.com\/index.php?rest_route=\/wp\/v2\/media\/53311"}],"wp:attachment":[{"href":"https:\/\/www.deporteseli.com\/index.php?rest_route=%2Fwp%2Fv2%2Fmedia&parent=39040"}],"wp:term":[{"taxonomy":"product_brand","embeddable":true,"href":"https:\/\/www.deporteseli.com\/index.php?rest_route=%2Fwp%2Fv2%2Fproduct_brand&post=39040"},{"taxonomy":"product_cat","embeddable":true,"href":"https:\/\/www.deporteseli.com\/index.php?rest_route=%2Fwp%2Fv2%2Fproduct_cat&post=39040"},{"taxonomy":"product_tag","embeddable":true,"href":"https:\/\/www.deporteseli.com\/index.php?rest_route=%2Fwp%2Fv2%2Fproduct_tag&post=39040"}],"curies":[{"name":"wp","href":"https:\/\/api.w.org\/{rel}","templated":true}]}}