{"id":38981,"date":"2026-01-27T18:21:22","date_gmt":"2026-01-27T18:21:22","guid":{"rendered":"https:\/\/www.deporteseli.com\/?product=camiseta-adidas-sereno-aeroready"},"modified":"2026-03-07T05:30:19","modified_gmt":"2026-03-07T05:30:19","slug":"camiseta-adidas-sereno-aeroready","status":"publish","type":"product","link":"https:\/\/www.deporteseli.com\/?product=camiseta-adidas-sereno-aeroready","title":{"rendered":"CAMISETA ADIDAS SERENO AEROREADY"},"content":{"rendered":"<p>DESCRIPCI\u00d3N DEL PRODUCTO  CAMISETA ADIDAS SERENO AEROREADY  UNA CAMISETA QUE ABSORBE LA HUMEDAD DISE\u00d1ADA PARA LA LIBERTAD DE MOVIMIENTO.  En cualquier momento, en cualquier lugar. Su entrenamiento no requiere equipos especiales ni horarios complicados. Esta playera adidas para j\u00f3venes est\u00e1 lista cuando t\u00fa lo est\u00e9s. AEROREADY gestiona el sudor en la cancha, en el parque o donde sea que te lleve tu entrenamiento. Este producto est\u00e1 fabricado con Primegreen, una serie de materiales reciclados de alto rendimiento                                                                                                                                                                                                                                                                                                                                                                                                                                                                                                                                                                                                                                                                                                                                                                                                                                                                                                                                                                                                                                        <\/p>\n","protected":false},"excerpt":{"rendered":"<p>CAMISETA ADIDAS SERENO AEROREADY<\/p>\n","protected":false},"featured_media":53276,"template":"","meta":[],"product_brand":[],"product_cat":[296],"product_tag":[18],"class_list":{"0":"post-38981","1":"product","2":"type-product","3":"status-publish","4":"has-post-thumbnail","6":"product_cat-nino_textil_camisetas","7":"product_tag-adidas","8":"pa_color-unico","9":"pa_talla-t-10","10":"pa_talla-t-6","11":"thunk-woo-product-list","12":"opn-qv-enable","13":"open-woo-hover-","14":"open-single-product-tab-horizontal","15":"open-shadow-","16":"open-shadow-hover-","18":"first","19":"instock","20":"shipping-taxable","21":"purchasable","22":"product-type-variable"},"jetpack_sharing_enabled":true,"_links":{"self":[{"href":"https:\/\/www.deporteseli.com\/index.php?rest_route=\/wp\/v2\/product\/38981","targetHints":{"allow":["GET"]}}],"collection":[{"href":"https:\/\/www.deporteseli.com\/index.php?rest_route=\/wp\/v2\/product"}],"about":[{"href":"https:\/\/www.deporteseli.com\/index.php?rest_route=\/wp\/v2\/types\/product"}],"wp:featuredmedia":[{"embeddable":true,"href":"https:\/\/www.deporteseli.com\/index.php?rest_route=\/wp\/v2\/media\/53276"}],"wp:attachment":[{"href":"https:\/\/www.deporteseli.com\/index.php?rest_route=%2Fwp%2Fv2%2Fmedia&parent=38981"}],"wp:term":[{"taxonomy":"product_brand","embeddable":true,"href":"https:\/\/www.deporteseli.com\/index.php?rest_route=%2Fwp%2Fv2%2Fproduct_brand&post=38981"},{"taxonomy":"product_cat","embeddable":true,"href":"https:\/\/www.deporteseli.com\/index.php?rest_route=%2Fwp%2Fv2%2Fproduct_cat&post=38981"},{"taxonomy":"product_tag","embeddable":true,"href":"https:\/\/www.deporteseli.com\/index.php?rest_route=%2Fwp%2Fv2%2Fproduct_tag&post=38981"}],"curies":[{"name":"wp","href":"https:\/\/api.w.org\/{rel}","templated":true}]}}