{"id":38909,"date":"2026-01-27T18:19:29","date_gmt":"2026-01-27T18:19:29","guid":{"rendered":"https:\/\/www.deporteseli.com\/?product=bolsa-para-botas-tiro-league"},"modified":"2026-04-19T04:17:15","modified_gmt":"2026-04-19T04:17:15","slug":"bolsa-para-botas-tiro-league","status":"publish","type":"product","link":"https:\/\/www.deporteseli.com\/?product=bolsa-para-botas-tiro-league","title":{"rendered":"BOLSA PARA BOTAS TIRO LEAGUE"},"content":{"rendered":"<p>SIEMPRE A TUS PIES  Muestra tu orgullo y pasi\u00f3n por el deporte rey. Esta elegante bolsa adidas forma parte de la colecci\u00f3n Tiro League y te permite tener a buen recaudo tus botas de f\u00fatbol. Se ha confeccionado en un tejido t\u00e9cnico que resiste el uso intensivo dentro y fuera del vestuario. El panel de malla transpirable favorece la ventilaci\u00f3n para que tus botas se sequen de forma natural.    Este producto se ha fabricado con diferentes materiales t\u00e9cnicos y contiene al menos un 40% de material reciclado. Su objetivo es plantear otra soluci\u00f3n m\u00e1s que ayude a eliminar los residuos pl\u00e1sticos  Dimensiones: 36 cm x 18 cm x 12 cm  Capacidad: 11,5 l  Tejido t\u00e9cnico 100% poli\u00e9ster reciclado  Panel lateral de malla transpirable  Asa de tela  Color del art\u00edculo: Team Power Red 2 \/ White \/ White  N\u00famero de art\u00edculo: IB8648                                                                                                                                                                                                                                                                                                                                                                                                                                                                                                                                                                                                                                                                                                                                                                                                                                                                                                                                                                                                                                        <\/p>\n","protected":false},"excerpt":{"rendered":"<p>BOLSA PARA BOTAS TIRO LEAGUE<\/p>\n","protected":false},"featured_media":53241,"template":"","meta":[],"product_brand":[],"product_cat":[321],"product_tag":[18],"class_list":{"0":"post-38909","1":"product","2":"type-product","3":"status-publish","4":"has-post-thumbnail","6":"product_cat-deportes_futbol_zapatilleros","7":"product_tag-adidas","8":"pa_color-unico","9":"pa_talla-unica","10":"thunk-woo-product-list","11":"opn-qv-enable","12":"open-woo-hover-","13":"open-single-product-tab-horizontal","14":"open-shadow-","15":"open-shadow-hover-","17":"first","18":"instock","19":"shipping-taxable","20":"purchasable","21":"product-type-variable"},"jetpack_sharing_enabled":true,"_links":{"self":[{"href":"https:\/\/www.deporteseli.com\/index.php?rest_route=\/wp\/v2\/product\/38909","targetHints":{"allow":["GET"]}}],"collection":[{"href":"https:\/\/www.deporteseli.com\/index.php?rest_route=\/wp\/v2\/product"}],"about":[{"href":"https:\/\/www.deporteseli.com\/index.php?rest_route=\/wp\/v2\/types\/product"}],"wp:featuredmedia":[{"embeddable":true,"href":"https:\/\/www.deporteseli.com\/index.php?rest_route=\/wp\/v2\/media\/53241"}],"wp:attachment":[{"href":"https:\/\/www.deporteseli.com\/index.php?rest_route=%2Fwp%2Fv2%2Fmedia&parent=38909"}],"wp:term":[{"taxonomy":"product_brand","embeddable":true,"href":"https:\/\/www.deporteseli.com\/index.php?rest_route=%2Fwp%2Fv2%2Fproduct_brand&post=38909"},{"taxonomy":"product_cat","embeddable":true,"href":"https:\/\/www.deporteseli.com\/index.php?rest_route=%2Fwp%2Fv2%2Fproduct_cat&post=38909"},{"taxonomy":"product_tag","embeddable":true,"href":"https:\/\/www.deporteseli.com\/index.php?rest_route=%2Fwp%2Fv2%2Fproduct_tag&post=38909"}],"curies":[{"name":"wp","href":"https:\/\/api.w.org\/{rel}","templated":true}]}}